{"id":409,"date":"2015-02-21T00:20:05","date_gmt":"2015-02-21T00:20:05","guid":{"rendered":"http:\/\/podkarpacka.iarp.pl\/?page_id=409"},"modified":"2023-04-06T10:20:36","modified_gmt":"2023-04-06T08:20:36","slug":"dzialalnosc-pkoia","status":"publish","type":"page","link":"https:\/\/podkarpacka.iarp.pl\/?page_id=409","title":{"rendered":"DZIA\u0141ALNO\u015a\u0106 PKOIA"},"content":{"rendered":"<p><a href=\"https:\/\/podkarpacka.iarp.pl\/wp-content\/uploads\/2015\/02\/logo-izba-male.png\"><img loading=\"lazy\" decoding=\"async\" class=\"alignleft size-full wp-image-470\" src=\"https:\/\/podkarpacka.iarp.pl\/wp-content\/uploads\/2015\/02\/logo-izba-male.png\" alt=\"logo izba male\" width=\"140\" height=\"80\" \/><\/a><\/p>\n<h2 style=\"margin: 0px 30px 0px; text-align: left;\">CELE, ZADANIA I DZIA\u0141ALNO\u015a\u0106 PODKARPACKIEJ OKR\u0118GOWEJ IZBY ARCHITEKT\u00d3W RP<\/h2>\n<hr style=\"margin: 10px 0px 45px;\" \/>\n<h3 style=\"text-align: justify;\"><strong>Cel i zadania Izby<\/strong><\/h3>\n<h3 style=\"text-align: justify;\"><blockquote class=\"text-center\"><p>Celem dzia\u0142ania Izby Architekt\u00f3w jest wsp\u00f3\u0142dzia\u0142anie \u015brodowiska zawodowego architekt\u00f3w w ramach przyj\u0119tej struktury organizacyjnej oraz w warunkach okre\u015blonych prawem. Natomiast podstawowe zadania reguluje Ustawa z dnia 15 grudnia 2000 r. o samorz\u0105dach zawodowych architekt\u00f3w, in\u017cynier\u00f3w budownictwa oraz urbanist\u00f3w.<\/p><\/blockquote><\/h3>\n<h3 style=\"text-align: justify;\"><strong>Izba Architekt\u00f3w PKOIA RP<\/strong><\/h3>\n<p style=\"text-align: justify;\">Podstaw\u0105 prawn\u0105 powstania Izby Architekt\u00f3w sta\u0142a si\u0119 Ustawa o samorz\u0105dach zawodowych<strong>\u00a0<\/strong>architekt\u00f3w, in\u017cynier\u00f3w budownictwa oraz urbanist\u00f3w z dnia 15 grudnia 2000 r. ( Dz. U. z 2023 r. poz. 551 )<\/p>\n<ul>\n<li style=\"text-align: justify;\"><em><strong><a href=\"https:\/\/isap.sejm.gov.pl\/isap.nsf\/DocDetails.xsp?id=WDU20230000551\" target=\"_blank\" rel=\"noopener noreferrer\">Ustawa o samorz\u0105dach zawodowych architekt\u00f3w, in\u017cynier\u00f3w budownictwa oraz urbanist\u00f3w z dnia 15 grudnia 2000 r. ( Dz. U. z 2023 r. poz. 551 )<\/a><\/strong><\/em><\/li>\n<\/ul>\n<p style=\"text-align: justify;\">Izba funkcjonuje w oparciu o t\u0105 Ustaw\u0119, a tak\u017ce Statut \u00a0i regulacje wewn\u0119trzne ustanawiane przez najwa\u017cniejsze organy Izby: Krajowy Zjazd oraz zjazdy okr\u0119gowe.<\/p>\n<p style=\"text-align: justify;\"><strong>Art. 8 Ustawy stanowi, i\u017c do zada\u0144 samorz\u0105d\u00f3w zawodowych nale\u017cy w szczeg\u00f3lno\u015bci:<\/strong><\/p>\n<ol style=\"text-align: justify;\">\n<li>sprawowanie nadzoru nad nale\u017cytym i sumiennym wykonywaniem zawodu\u00a0przez cz\u0142onk\u00f3w izb,<\/li>\n<li>reprezentowanie i ochrona interes\u00f3w zawodowych swoich cz\u0142onk\u00f3w,<\/li>\n<li>ustalanie zasad etyki zawodowej i nadz\u00f3r nad jej przestrzeganiem,<\/li>\n<li>nadawanie i pozbawianie uprawnie\u0144 budowlanych w specjalno\u015bciach, o kt\u00f3rych mowa w art. 14 ust. 1 pkt 1-5 ustawy &#8211; Prawo budowlane, zwanych dalej &#8220;uprawnieniami budowlanymi&#8221;, uznawanie kwalifikacji zawodowych cudzoziemc\u00f3w oraz nadawanie tytu\u0142u rzeczoznawcy budowlanego,<\/li>\n<li>przeprowadzanie egzamin\u00f3w oraz potwierdzanie kwalifikacji os\u00f3b, o kt\u00f3rych mowa\u00a0w art. 5 ust. 3 pkt 3-5,<\/li>\n<li>wsp\u00f3\u0142dzia\u0142anie z organami administracji rz\u0105dowej i organami samorz\u0105du terytorialnego oraz z innymi samorz\u0105dami zawodowymi i stowarzyszeniami zawodowymi,<\/li>\n<li>opiniowanie minimalnych wymaga\u0144 programowych w zakresie kszta\u0142cenia zawodowego architekt\u00f3w, in\u017cynier\u00f3w budownictwa lub urbanist\u00f3w oraz wnioskowanie w tych sprawach,<\/li>\n<li>wsp\u00f3\u0142dzia\u0142anie w doskonaleniu kwalifikacji zawodowych architekt\u00f3w, in\u017cynier\u00f3w budownictwa lub urbanist\u00f3w,<\/li>\n<li>zarz\u0105dzanie maj\u0105tkiem i dzia\u0142alno\u015bci\u0105 gospodarcz\u0105 samorz\u0105du zawodowego,<\/li>\n<li>prowadzenie post\u0119powa\u0144 w zakresie odpowiedzialno\u015bci zawodowej i dyscyplinarnej cz\u0142onk\u00f3w samorz\u0105d\u00f3w zawodowych,<\/li>\n<li>opiniowanie projekt\u00f3w akt\u00f3w normatywnych dotycz\u0105cych architektury, budownictwa lub zagospodarowania przestrzennego,<\/li>\n<li>organizowanie i prowadzenie instytucji samopomocowych oraz innych form pomocy materialnej cz\u0142onkom samorz\u0105d\u00f3w zawodowych,<\/li>\n<li>prowadzenie list cz\u0142onk\u00f3w samorz\u0105d\u00f3w zawodowych,<\/li>\n<li>realizacja zada\u0144 statutowych.<\/li>\n<\/ol>\n","protected":false},"excerpt":{"rendered":"<p>CELE, ZADANIA I DZIA\u0141ALNO\u015a\u0106 PODKARPACKIEJ OKR\u0118GOWEJ IZBY ARCHITEKT\u00d3W RP Cel i zadania Izby Izba Architekt\u00f3w PKOIA RP Podstaw\u0105 prawn\u0105 powstania Izby Architekt\u00f3w sta\u0142a si\u0119 Ustawa o samorz\u0105dach zawodowych\u00a0architekt\u00f3w, in\u017cynier\u00f3w budownictwa oraz urbanist\u00f3w z dnia 15 grudnia 2000 r. ( Dz. U. z 2023 r. poz. 551 ) Ustawa o samorz\u0105dach zawodowych architekt\u00f3w, in\u017cynier\u00f3w budownictwa oraz [&hellip;]<\/p>\n","protected":false},"author":7,"featured_media":0,"parent":374,"menu_order":0,"comment_status":"closed","ping_status":"open","template":"","meta":{"footnotes":""},"class_list":["post-409","page","type-page","status-publish","hentry"],"publishpress_future_action":{"enabled":false,"date":"2026-05-06 15:10:06","action":"change-status","newStatus":"draft","terms":[],"taxonomy":"","extraData":[]},"publishpress_future_workflow_manual_trigger":{"enabledWorkflows":[]},"_links":{"self":[{"href":"https:\/\/podkarpacka.iarp.pl\/index.php?rest_route=\/wp\/v2\/pages\/409","targetHints":{"allow":["GET"]}}],"collection":[{"href":"https:\/\/podkarpacka.iarp.pl\/index.php?rest_route=\/wp\/v2\/pages"}],"about":[{"href":"https:\/\/podkarpacka.iarp.pl\/index.php?rest_route=\/wp\/v2\/types\/page"}],"author":[{"embeddable":true,"href":"https:\/\/podkarpacka.iarp.pl\/index.php?rest_route=\/wp\/v2\/users\/7"}],"replies":[{"embeddable":true,"href":"https:\/\/podkarpacka.iarp.pl\/index.php?rest_route=%2Fwp%2Fv2%2Fcomments&post=409"}],"version-history":[{"count":8,"href":"https:\/\/podkarpacka.iarp.pl\/index.php?rest_route=\/wp\/v2\/pages\/409\/revisions"}],"predecessor-version":[{"id":5313,"href":"https:\/\/podkarpacka.iarp.pl\/index.php?rest_route=\/wp\/v2\/pages\/409\/revisions\/5313"}],"up":[{"embeddable":true,"href":"https:\/\/podkarpacka.iarp.pl\/index.php?rest_route=\/wp\/v2\/pages\/374"}],"wp:attachment":[{"href":"https:\/\/podkarpacka.iarp.pl\/index.php?rest_route=%2Fwp%2Fv2%2Fmedia&parent=409"}],"curies":[{"name":"wp","href":"https:\/\/api.w.org\/{rel}","templated":true}]}}

DZIAŁALNOŚĆ PKOIA

<p><a href="https://podkarpacka.iarp.pl/wp-content/uploads/2015/02/logo-izba-male.png"><img loading="lazy" decoding="async" class="alignleft size-full wp-image-470" src="https://podkarpacka.iarp.pl/wp-content/uploads/2015/02/logo-izba-male.png" alt="logo izba male" width="140" height="80" /></a></p>
<h2 style="margin: 0px 30px 0px; text-align: left;">CELE, ZADANIA I DZIAŁALNOŚĆ PODKARPACKIEJ OKRĘGOWEJ IZBY ARCHITEKTÓW RP</h2>
<hr style="margin: 10px 0px 45px;" />
<h3 style="text-align: justify;"><strong>Cel i zadania Izby</strong></h3>
<h3 style="text-align: justify;"><blockquote class="text-center"><p>Celem działania Izby Architektów jest współdziałanie środowiska zawodowego architektów w ramach przyjętej struktury organizacyjnej oraz w warunkach określonych prawem. Natomiast podstawowe zadania reguluje Ustawa z dnia 15 grudnia 2000 r. o samorządach zawodowych architektów, inżynierów budownictwa oraz urbanistów.</p></blockquote></h3>
<h3 style="text-align: justify;"><strong>Izba Architektów PKOIA RP</strong></h3>
<p style="text-align: justify;">Podstawą prawną powstania Izby Architektów stała się Ustawa o samorządach zawodowych<strong> </strong>architektów, inżynierów budownictwa oraz urbanistów z dnia 15 grudnia 2000 r. ( Dz. U. z 2023 r. poz. 551 )</p>
<ul>
<li style="text-align: justify;"><em><strong><a href="https://isap.sejm.gov.pl/isap.nsf/DocDetails.xsp?id=WDU20230000551" target="_blank" rel="noopener noreferrer">Ustawa o samorządach zawodowych architektów, inżynierów budownictwa oraz urbanistów z dnia 15 grudnia 2000 r. ( Dz. U. z 2023 r. poz. 551 )</a></strong></em></li>
</ul>
<p style="text-align: justify;">Izba funkcjonuje w oparciu o tą Ustawę, a także Statut  i regulacje wewnętrzne ustanawiane przez najważniejsze organy Izby: Krajowy Zjazd oraz zjazdy okręgowe.</p>
<p style="text-align: justify;"><strong>Art. 8 Ustawy stanowi, iż do zadań samorządów zawodowych należy w szczególności:</strong></p>
<ol style="text-align: justify;">
<li>sprawowanie nadzoru nad należytym i sumiennym wykonywaniem zawodu przez członków izb,</li>
<li>reprezentowanie i ochrona interesów zawodowych swoich członków,</li>
<li>ustalanie zasad etyki zawodowej i nadzór nad jej przestrzeganiem,</li>
<li>nadawanie i pozbawianie uprawnień budowlanych w specjalnościach, o których mowa w art. 14 ust. 1 pkt 1-5 ustawy &#8211; Prawo budowlane, zwanych dalej &#8220;uprawnieniami budowlanymi&#8221;, uznawanie kwalifikacji zawodowych cudzoziemców oraz nadawanie tytułu rzeczoznawcy budowlanego,</li>
<li>przeprowadzanie egzaminów oraz potwierdzanie kwalifikacji osób, o których mowa w art. 5 ust. 3 pkt 3-5,</li>
<li>współdziałanie z organami administracji rządowej i organami samorządu terytorialnego oraz z innymi samorządami zawodowymi i stowarzyszeniami zawodowymi,</li>
<li>opiniowanie minimalnych wymagań programowych w zakresie kształcenia zawodowego architektów, inżynierów budownictwa lub urbanistów oraz wnioskowanie w tych sprawach,</li>
<li>współdziałanie w doskonaleniu kwalifikacji zawodowych architektów, inżynierów budownictwa lub urbanistów,</li>
<li>zarządzanie majątkiem i działalnością gospodarczą samorządu zawodowego,</li>
<li>prowadzenie postępowań w zakresie odpowiedzialności zawodowej i dyscyplinarnej członków samorządów zawodowych,</li>
<li>opiniowanie projektów aktów normatywnych dotyczących architektury, budownictwa lub zagospodarowania przestrzennego,</li>
<li>organizowanie i prowadzenie instytucji samopomocowych oraz innych form pomocy materialnej członkom samorządów zawodowych,</li>
<li>prowadzenie list członków samorządów zawodowych,</li>
<li>realizacja zadań statutowych.</li>
</ol>

<p>CELE, ZADANIA I DZIAŁALNOŚĆ PODKARPACKIEJ OKRĘGOWEJ IZBY ARCHITEKTÓW RP Cel i zadania Izby Izba Architektów PKOIA RP Podstawą prawną powstania Izby Architektów stała się Ustawa o samorządach zawodowych architektów, inżynierów budownictwa oraz urbanistów z dnia 15 grudnia 2000 r. ( Dz. U. z 2023 r. poz. 551 ) Ustawa o samorządach zawodowych architektów, inżynierów budownictwa oraz [&hellip;]</p>
