{"id":411,"date":"2015-02-21T00:21:55","date_gmt":"2015-02-21T00:21:55","guid":{"rendered":"http:\/\/podkarpacka.iarp.pl\/?page_id=411"},"modified":"2015-02-22T00:31:59","modified_gmt":"2015-02-22T00:31:59","slug":"standardy-zawodu","status":"publish","type":"page","link":"https:\/\/podkarpacka.iarp.pl\/?page_id=411","title":{"rendered":"STANDARDY ZAWODU"},"content":{"rendered":"<p><a href=\"https:\/\/podkarpacka.iarp.pl\/wp-content\/uploads\/2015\/02\/logo-izba-male.png\"><img loading=\"lazy\" decoding=\"async\" class=\"alignleft size-full wp-image-470\" src=\"https:\/\/podkarpacka.iarp.pl\/wp-content\/uploads\/2015\/02\/logo-izba-male.png\" alt=\"logo izba male\" width=\"140\" height=\"80\" \/><\/a><\/p>\n<h2 style=\"margin: 0px 30px 0px; text-align: left;\">STANDARDY WYKONYWANIA ZAWODU I ZAKRES US\u0141UG ARCHITEKTA RP<\/h2>\n<hr style=\"margin: 10px 0px 25px;\" \/>\n<p>&nbsp;<\/p>\n<h4 style=\"text-align: center;\"><strong>Uchwa\u0142a nr O\u201301\u20132006<\/strong><\/h4>\n<p style=\"text-align: center;\"><strong>Krajowej Rady Izby Architekt\u00f3w<br \/>\npodj\u0119ta w dniu 13.01.2006 roku<\/strong><\/p>\n<p style=\"text-align: justify;\">Na podstawie uchwa\u0142y nr 10 III Krajowego Sprawozdawczego Zjazdu Izby Architekt\u00f3w i uchwa\u0142y nr 19 II Krajowego Sprawozdawczego Zjazdu Izby Architekt\u00f3w oraz w zwi\u0105zku z art. 33 pkt 4 Ustawy o samorz\u0105dach zawodowych architekt\u00f3w, in\u017cynier\u00f3w budownictwa i urbanist\u00f3w,<\/p>\n<p style=\"text-align: center;\"><strong>KRAJOWA RADA IZBY ARCHITEKT\u00d3W<\/strong><\/p>\n<p style=\"text-align: justify;\"><strong>w d\u0105\u017ceniu do zapewnienia wymaganej jako\u015bci us\u0142ug architektonicznych, podniesienia konkurencyjno\u015bci w ramach rynku tych us\u0142ug i zapewnienia ich w\u0142a\u015bciwego \u015bwiadczenia, maj\u0105c na wzgl\u0119dzie, \u017ce: \u0083<\/strong><\/p>\n<ul style=\"text-align: justify;\">\n<li><strong>jako\u015b\u0107 wykonywania zawodu architekta ma zasadnicze znaczenie dla klient\u00f3w architekta i dla spo\u0142ecze\u0144stwa; \u0083<\/strong><\/li>\n<li><strong>klienci i spo\u0142ecze\u0144stwo musz\u0105 zna\u0107 wymagania jako\u015bciowe, jakie winny by\u0107 stawiane us\u0142ugom architektonicznym, dla pe\u0142nego osi\u0105gni\u0119cia cel\u00f3w, kt\u00f3rym s\u0142u\u017cy wykonywanie tych us\u0142ug; \u0083<\/strong><\/li>\n<li><strong>architekci, \u015bwiadcz\u0105cy us\u0142ugi projektowe, winni konkurowa\u0107 przede wszystkim ich jako\u015bci\u0105 a podstawowe standardy gwarantuj\u0105ce t\u0119 jako\u015b\u0107 musz\u0105 by\u0107 okre\u015blone; \u0083<\/strong><\/li>\n<li><strong>us\u0142ugi architekt\u00f3w musz\u0105 by\u0107 \u015bwiadczone w spos\u00f3b etyczny, zgodnie z Zasadami Etyki Zawodowej Architekta \u2013 niezale\u017cnie, bezstronnie, rzetelnie i uczciwie,<\/strong><\/li>\n<\/ul>\n<p style=\"text-align: center;\"><strong>U C H W A L A<\/strong><\/p>\n<p style=\"text-align: center;\"><strong>STANDARDY WYKONYWANIA ZAWODU I ZAKRES US\u0141UG ARCHITEKTA<\/strong><\/p>\n<p style=\"text-align: justify;\">b\u0119d\u0105ce za\u0142\u0105cznikiem do tej uchwa\u0142y, zalecaj\u0105c klientom sektora publicznego i prywatnego oraz architektom ich stosowanie przy okre\u015blaniu ich praw i obowi\u0105zk\u00f3w architekta, formu\u0142owaniu zakresu us\u0142ug oraz oceny jako\u015bci ich \u015bwiadczenia.<\/p>\n<p style=\"text-align: justify;\">R\u00f3wnocze\u015bnie, Krajowa Rada podkre\u015bla, \u017ce Standardy nie s\u0105 formaln\u0105 wyk\u0142adni\u0105 Zasad Etyki i mog\u0105 by\u0107 pomocne \u2013 lecz nigdy rozstrzygaj\u0105ce \u2013 w ich interpretowaniu lub w ocenie jako\u015bci post\u0119powania i pracy architekta.<\/p>\n<p style=\"text-align: right;\"><em>Prezes Krajowej Rady Tomasz Taczewski<\/em><br \/>\n<em>Sekretarz Krajowej Rady Jerzy Szczepanik \u2013 Dzikowski<\/em><\/p>\n<h3 style=\"text-align: left;\">PLIKI DO POBRANIA<\/h3>\n<hr \/>\n<div class='w3eden'><!-- WPDM Link Template: Default Template -->\n\n<div class=\"link-template-default card mb-2\">\n    <div class=\"card-body\">\n        <div class=\"media\">\n            <div class=\"mr-3 img-48\"><img decoding=\"async\" class=\"wpdm_icon\" alt=\"Ikonka\"   src=\"http:\/\/podkarpacka.iarp.pl\/wp-content\/plugins\/download-manager\/assets\/file-type-icons\/pdf.png\" \/><\/div>\n            <div class=\"media-body\">\n                <h3 class=\"package-title\"><a href='https:\/\/podkarpacka.iarp.pl\/?wpdmpro=standardy-wykonywania-zawodu-i-zakres-uslug-architekta'>Standardy wykonywania zawodu i zakres us\u0142ug architekta<\/a><\/h3>\n                <div class=\"text-muted text-small\"><i class=\"fas fa-copy\"><\/i> 1 plik(i) <i class=\"fas fa-hdd ml-3\"><\/i> 355.45 KB<\/div>\n            <\/div>\n            <div class=\"ml-3\">\n                <a class='wpdm-download-link download-on-click btn btn-primary ' rel='nofollow' href='#' data-downloadurl=\"https:\/\/podkarpacka.iarp.pl\/?wpdmpro=standardy-wykonywania-zawodu-i-zakres-uslug-architekta&wpdmdl=481&refresh=69f1607275d921777426546\">POBIERZ PLIK<\/a>\n            <\/div>\n        <\/div>\n    <\/div>\n<\/div>\n\n<\/div><br \/>\n<div class='w3eden'><!-- WPDM Link Template: Default Template -->\n\n<div class=\"link-template-default card mb-2\">\n    <div class=\"card-body\">\n        <div class=\"media\">\n            <div class=\"mr-3 img-48\"><img decoding=\"async\" class=\"wpdm_icon\" alt=\"Ikonka\"   src=\"http:\/\/podkarpacka.iarp.pl\/wp-content\/plugins\/download-manager\/assets\/file-type-icons\/pdf.png\" \/><\/div>\n            <div class=\"media-body\">\n                <h3 class=\"package-title\"><a href='https:\/\/podkarpacka.iarp.pl\/?wpdmpro=standards-for-architectural-practice-and-extent-of-service'>Standards for architectural practice and extent of service<\/a><\/h3>\n                <div class=\"text-muted text-small\"><i class=\"fas fa-copy\"><\/i> 1 plik(i) <i class=\"fas fa-hdd ml-3\"><\/i> 311.64 KB<\/div>\n            <\/div>\n            <div class=\"ml-3\">\n                <a class='wpdm-download-link download-on-click btn btn-primary ' rel='nofollow' href='#' data-downloadurl=\"https:\/\/podkarpacka.iarp.pl\/?wpdmpro=standards-for-architectural-practice-and-extent-of-service&wpdmdl=491&refresh=69f160727a1e31777426546\">DOWNLOAD NOW<\/a>\n            <\/div>\n        <\/div>\n    <\/div>\n<\/div>\n\n<\/div>\n<p>&nbsp;<\/p>\n","protected":false},"excerpt":{"rendered":"<p>STANDARDY WYKONYWANIA ZAWODU I ZAKRES US\u0141UG ARCHITEKTA RP &nbsp; Uchwa\u0142a nr O\u201301\u20132006 Krajowej Rady Izby Architekt\u00f3w podj\u0119ta w dniu 13.01.2006 roku Na podstawie uchwa\u0142y nr 10 III Krajowego Sprawozdawczego Zjazdu Izby Architekt\u00f3w i uchwa\u0142y nr 19 II Krajowego Sprawozdawczego Zjazdu Izby Architekt\u00f3w oraz w zwi\u0105zku z art. 33 pkt 4 Ustawy o samorz\u0105dach zawodowych architekt\u00f3w, [&hellip;]<\/p>\n","protected":false},"author":7,"featured_media":0,"parent":374,"menu_order":0,"comment_status":"closed","ping_status":"closed","template":"","meta":{"footnotes":""},"class_list":["post-411","page","type-page","status-publish","hentry"],"publishpress_future_action":{"enabled":false,"date":"2026-05-06 02:35:46","action":"change-status","newStatus":"draft","terms":[],"taxonomy":"","extraData":[]},"publishpress_future_workflow_manual_trigger":{"enabledWorkflows":[]},"_links":{"self":[{"href":"https:\/\/podkarpacka.iarp.pl\/index.php?rest_route=\/wp\/v2\/pages\/411","targetHints":{"allow":["GET"]}}],"collection":[{"href":"https:\/\/podkarpacka.iarp.pl\/index.php?rest_route=\/wp\/v2\/pages"}],"about":[{"href":"https:\/\/podkarpacka.iarp.pl\/index.php?rest_route=\/wp\/v2\/types\/page"}],"author":[{"embeddable":true,"href":"https:\/\/podkarpacka.iarp.pl\/index.php?rest_route=\/wp\/v2\/users\/7"}],"replies":[{"embeddable":true,"href":"https:\/\/podkarpacka.iarp.pl\/index.php?rest_route=%2Fwp%2Fv2%2Fcomments&post=411"}],"version-history":[{"count":10,"href":"https:\/\/podkarpacka.iarp.pl\/index.php?rest_route=\/wp\/v2\/pages\/411\/revisions"}],"predecessor-version":[{"id":494,"href":"https:\/\/podkarpacka.iarp.pl\/index.php?rest_route=\/wp\/v2\/pages\/411\/revisions\/494"}],"up":[{"embeddable":true,"href":"https:\/\/podkarpacka.iarp.pl\/index.php?rest_route=\/wp\/v2\/pages\/374"}],"wp:attachment":[{"href":"https:\/\/podkarpacka.iarp.pl\/index.php?rest_route=%2Fwp%2Fv2%2Fmedia&parent=411"}],"curies":[{"name":"wp","href":"https:\/\/api.w.org\/{rel}","templated":true}]}}

<p><a href="https://podkarpacka.iarp.pl/wp-content/uploads/2015/02/logo-izba-male.png"><img loading="lazy" decoding="async" class="alignleft size-full wp-image-470" src="https://podkarpacka.iarp.pl/wp-content/uploads/2015/02/logo-izba-male.png" alt="logo izba male" width="140" height="80" /></a></p>
<h2 style="margin: 0px 30px 0px; text-align: left;">STANDARDY WYKONYWANIA ZAWODU I ZAKRES USŁUG ARCHITEKTA RP</h2>
<hr style="margin: 10px 0px 25px;" />
<p>&nbsp;</p>
<h4 style="text-align: center;"><strong>Uchwała nr O–01–2006</strong></h4>
<p style="text-align: center;"><strong>Krajowej Rady Izby Architektów<br />
podjęta w dniu 13.01.2006 roku</strong></p>
<p style="text-align: justify;">Na podstawie uchwały nr 10 III Krajowego Sprawozdawczego Zjazdu Izby Architektów i uchwały nr 19 II Krajowego Sprawozdawczego Zjazdu Izby Architektów oraz w związku z art. 33 pkt 4 Ustawy o samorządach zawodowych architektów, inżynierów budownictwa i urbanistów,</p>
<p style="text-align: center;"><strong>KRAJOWA RADA IZBY ARCHITEKTÓW</strong></p>
<p style="text-align: justify;"><strong>w dążeniu do zapewnienia wymaganej jakości usług architektonicznych, podniesienia konkurencyjności w ramach rynku tych usług i zapewnienia ich właściwego świadczenia, mając na względzie, że: </strong></p>
<ul style="text-align: justify;">
<li><strong>jakość wykonywania zawodu architekta ma zasadnicze znaczenie dla klientów architekta i dla społeczeństwa; </strong></li>
<li><strong>klienci i społeczeństwo muszą znać wymagania jakościowe, jakie winny być stawiane usługom architektonicznym, dla pełnego osiągnięcia celów, którym służy wykonywanie tych usług; </strong></li>
<li><strong>architekci, świadczący usługi projektowe, winni konkurować przede wszystkim ich jakością a podstawowe standardy gwarantujące tę jakość muszą być określone; </strong></li>
<li><strong>usługi architektów muszą być świadczone w sposób etyczny, zgodnie z Zasadami Etyki Zawodowej Architekta – niezależnie, bezstronnie, rzetelnie i uczciwie,</strong></li>
</ul>
<p style="text-align: center;"><strong>U C H W A L A</strong></p>
<p style="text-align: center;"><strong>STANDARDY WYKONYWANIA ZAWODU I ZAKRES USŁUG ARCHITEKTA</strong></p>
<p style="text-align: justify;">będące załącznikiem do tej uchwały, zalecając klientom sektora publicznego i prywatnego oraz architektom ich stosowanie przy określaniu ich praw i obowiązków architekta, formułowaniu zakresu usług oraz oceny jakości ich świadczenia.</p>
<p style="text-align: justify;">Równocześnie, Krajowa Rada podkreśla, że Standardy nie są formalną wykładnią Zasad Etyki i mogą być pomocne – lecz nigdy rozstrzygające – w ich interpretowaniu lub w ocenie jakości postępowania i pracy architekta.</p>
<p style="text-align: right;"><em>Prezes Krajowej Rady Tomasz Taczewski</em><br />
<em>Sekretarz Krajowej Rady Jerzy Szczepanik – Dzikowski</em></p>
<h3 style="text-align: left;">PLIKI DO POBRANIA</h3>
<hr />
<div class='w3eden'><!-- WPDM Link Template: Default Template -->

<div class="link-template-default card mb-2">
    <div class="card-body">
        <div class="media">
            <div class="mr-3 img-48"><img decoding="async" class="wpdm_icon" alt="Ikonka"   src="http://podkarpacka.iarp.pl/wp-content/plugins/download-manager/assets/file-type-icons/pdf.png" /></div>
            <div class="media-body">
                <h3 class="package-title"><a href='https://podkarpacka.iarp.pl/?wpdmpro=standardy-wykonywania-zawodu-i-zakres-uslug-architekta'>Standardy wykonywania zawodu i zakres usług architekta</a></h3>
                <div class="text-muted text-small"><i class="fas fa-copy"></i> 1 plik(i) <i class="fas fa-hdd ml-3"></i> 355.45 KB</div>
            </div>
            <div class="ml-3">
                <a class='wpdm-download-link download-on-click btn btn-primary ' rel='nofollow' href='#' data-downloadurl="https://podkarpacka.iarp.pl/?wpdmpro=standardy-wykonywania-zawodu-i-zakres-uslug-architekta&wpdmdl=481&refresh=69f1607275d921777426546">POBIERZ PLIK</a>
            </div>
        </div>
    </div>
</div>

</div><br />
<div class='w3eden'><!-- WPDM Link Template: Default Template -->

<div class="link-template-default card mb-2">
    <div class="card-body">
        <div class="media">
            <div class="mr-3 img-48"><img decoding="async" class="wpdm_icon" alt="Ikonka"   src="http://podkarpacka.iarp.pl/wp-content/plugins/download-manager/assets/file-type-icons/pdf.png" /></div>
            <div class="media-body">
                <h3 class="package-title"><a href='https://podkarpacka.iarp.pl/?wpdmpro=standards-for-architectural-practice-and-extent-of-service'>Standards for architectural practice and extent of service</a></h3>
                <div class="text-muted text-small"><i class="fas fa-copy"></i> 1 plik(i) <i class="fas fa-hdd ml-3"></i> 311.64 KB</div>
            </div>
            <div class="ml-3">
                <a class='wpdm-download-link download-on-click btn btn-primary ' rel='nofollow' href='#' data-downloadurl="https://podkarpacka.iarp.pl/?wpdmpro=standards-for-architectural-practice-and-extent-of-service&wpdmdl=491&refresh=69f160727a1e31777426546">DOWNLOAD NOW</a>
            </div>
        </div>
    </div>
</div>

</div>
<p>&nbsp;</p>

<p>STANDARDY WYKONYWANIA ZAWODU I ZAKRES USŁUG ARCHITEKTA RP &nbsp; Uchwała nr O–01–2006 Krajowej Rady Izby Architektów podjęta w dniu 13.01.2006 roku Na podstawie uchwały nr 10 III Krajowego Sprawozdawczego Zjazdu Izby Architektów i uchwały nr 19 II Krajowego Sprawozdawczego Zjazdu Izby Architektów oraz w związku z art. 33 pkt 4 Ustawy o samorządach zawodowych architektów, [&hellip;]</p>
