{"id":413,"date":"2015-02-21T00:22:44","date_gmt":"2015-02-21T00:22:44","guid":{"rendered":"http:\/\/podkarpacka.iarp.pl\/?page_id=413"},"modified":"2020-11-18T17:10:48","modified_gmt":"2020-11-18T15:10:48","slug":"pomoc-prawna","status":"publish","type":"page","link":"https:\/\/podkarpacka.iarp.pl\/?page_id=413","title":{"rendered":"POMOC PRAWNA"},"content":{"rendered":"<p><a href=\"https:\/\/podkarpacka.iarp.pl\/wp-content\/uploads\/2015\/02\/logo-izba-male.png\"><img loading=\"lazy\" decoding=\"async\" class=\"alignleft size-full wp-image-470\" src=\"https:\/\/podkarpacka.iarp.pl\/wp-content\/uploads\/2015\/02\/logo-izba-male.png\" alt=\"logo izba male\" width=\"140\" height=\"80\" \/><\/a><\/p>\n<h2 style=\"margin: 0px 30px 0px; text-align: left;\">POMOC PRAWNA DLA CZ\u0141ONK\u00d3W PODKARPACKIEJ OKR\u0118GOWEJ IZBY ARCHITEKT\u00d3W RP<\/h2>\n<hr style=\"margin: 10px 0px 45px;\" \/>\n<h3><\/h3>\n<h3>Bezp\u0142atne Porady Prawne<\/h3>\n<div class=\"lead\">\n<p style=\"text-align: justify;\">W zwi\u0105zku z wnioskami cz\u0142onk\u00f3w Izby dotycz\u0105cych pomocy prawnej, Rada PKOIA RP podj\u0119\u0142a decyzj\u0119 o uruchomieniu programu wsparcia prawnego.<\/p>\n<p style=\"text-align: justify;\">Program aktualnie realizowany jest w oparciu formu\u0142\u0119 bezp\u0142atnych konsultacji z przedstawicielem kancelarii prawnej.<\/p>\n<p style=\"text-align: justify;\">Porady prawne dla zainteresowanych cz\u0142onk\u00f3w PKOIA RP z przedstawicielem kancelarii prawnej dost\u0119pne s\u0105 BEZP\u0141ATNIE , po wcze\u015bniejszym skontaktowaniu si\u0119 z biurem POIA<\/p>\n<p style=\"text-align: justify;\">Zach\u0119camy do kontaktu osobi\u015bcie lub drog\u0105 telefoniczn\u0105 z biurem Podkarpackiej Okr\u0119gowej Izby Architekt\u00f3w w celu zg\u0142oszenia ch\u0119ci rozmowy, spotkania lub doprecyzowania pyta\u0144.<\/p>\n<hr \/>\n<p style=\"padding-left: 30px;\"><strong>Podkarpacka Okr\u0119gowa Izby Architekt\u00f3w<\/strong><br \/>\nTel. (17) 86 22 889, \u00a0Fax. (17) 86 22 889<br \/>\nul. Rynek 8, 35-064 Rzesz\u00f3w<br \/>\ne-mail: podkarpacka@izbaarchitektow.pl<br \/>\n<strong>Biuro czynne od poniedzia\u0142ku do pi\u0105tku od 10:oo do 16:oo<\/strong><\/p>\n<hr \/>\n<h3 style=\"text-align: justify;\"><\/h3>\n<\/div>\n","protected":false},"excerpt":{"rendered":"<p>POMOC PRAWNA DLA CZ\u0141ONK\u00d3W PODKARPACKIEJ OKR\u0118GOWEJ IZBY ARCHITEKT\u00d3W RP Bezp\u0142atne Porady Prawne W zwi\u0105zku z wnioskami cz\u0142onk\u00f3w Izby dotycz\u0105cych pomocy prawnej, Rada PKOIA RP podj\u0119\u0142a decyzj\u0119 o uruchomieniu programu wsparcia prawnego. Program aktualnie realizowany jest w oparciu formu\u0142\u0119 bezp\u0142atnych konsultacji z przedstawicielem kancelarii prawnej. Porady prawne dla zainteresowanych cz\u0142onk\u00f3w PKOIA RP z przedstawicielem kancelarii prawnej [&hellip;]<\/p>\n","protected":false},"author":7,"featured_media":0,"parent":374,"menu_order":0,"comment_status":"closed","ping_status":"open","template":"","meta":{"footnotes":""},"class_list":["post-413","page","type-page","status-publish","hentry"],"publishpress_future_action":{"enabled":false,"date":"2026-05-04 19:57:47","action":"change-status","newStatus":"draft","terms":[],"taxonomy":"","extraData":[]},"publishpress_future_workflow_manual_trigger":{"enabledWorkflows":[]},"_links":{"self":[{"href":"https:\/\/podkarpacka.iarp.pl\/index.php?rest_route=\/wp\/v2\/pages\/413","targetHints":{"allow":["GET"]}}],"collection":[{"href":"https:\/\/podkarpacka.iarp.pl\/index.php?rest_route=\/wp\/v2\/pages"}],"about":[{"href":"https:\/\/podkarpacka.iarp.pl\/index.php?rest_route=\/wp\/v2\/types\/page"}],"author":[{"embeddable":true,"href":"https:\/\/podkarpacka.iarp.pl\/index.php?rest_route=\/wp\/v2\/users\/7"}],"replies":[{"embeddable":true,"href":"https:\/\/podkarpacka.iarp.pl\/index.php?rest_route=%2Fwp%2Fv2%2Fcomments&post=413"}],"version-history":[{"count":4,"href":"https:\/\/podkarpacka.iarp.pl\/index.php?rest_route=\/wp\/v2\/pages\/413\/revisions"}],"predecessor-version":[{"id":4141,"href":"https:\/\/podkarpacka.iarp.pl\/index.php?rest_route=\/wp\/v2\/pages\/413\/revisions\/4141"}],"up":[{"embeddable":true,"href":"https:\/\/podkarpacka.iarp.pl\/index.php?rest_route=\/wp\/v2\/pages\/374"}],"wp:attachment":[{"href":"https:\/\/podkarpacka.iarp.pl\/index.php?rest_route=%2Fwp%2Fv2%2Fmedia&parent=413"}],"curies":[{"name":"wp","href":"https:\/\/api.w.org\/{rel}","templated":true}]}}

<p><a href="https://podkarpacka.iarp.pl/wp-content/uploads/2015/02/logo-izba-male.png"><img loading="lazy" decoding="async" class="alignleft size-full wp-image-470" src="https://podkarpacka.iarp.pl/wp-content/uploads/2015/02/logo-izba-male.png" alt="logo izba male" width="140" height="80" /></a></p>
<h2 style="margin: 0px 30px 0px; text-align: left;">POMOC PRAWNA DLA CZŁONKÓW PODKARPACKIEJ OKRĘGOWEJ IZBY ARCHITEKTÓW RP</h2>
<hr style="margin: 10px 0px 45px;" />
<h3></h3>
<h3>Bezpłatne Porady Prawne</h3>
<div class="lead">
<p style="text-align: justify;">W związku z wnioskami członków Izby dotyczących pomocy prawnej, Rada PKOIA RP podjęła decyzję o uruchomieniu programu wsparcia prawnego.</p>
<p style="text-align: justify;">Program aktualnie realizowany jest w oparciu formułę bezpłatnych konsultacji z przedstawicielem kancelarii prawnej.</p>
<p style="text-align: justify;">Porady prawne dla zainteresowanych członków PKOIA RP z przedstawicielem kancelarii prawnej dostępne są BEZPŁATNIE , po wcześniejszym skontaktowaniu się z biurem POIA</p>
<p style="text-align: justify;">Zachęcamy do kontaktu osobiście lub drogą telefoniczną z biurem Podkarpackiej Okręgowej Izby Architektów w celu zgłoszenia chęci rozmowy, spotkania lub doprecyzowania pytań.</p>
<hr />
<p style="padding-left: 30px;"><strong>Podkarpacka Okręgowa Izby Architektów</strong><br />
Tel. (17) 86 22 889,  Fax. (17) 86 22 889<br />
ul. Rynek 8, 35-064 Rzeszów<br />
e-mail: podkarpacka@izbaarchitektow.pl<br />
<strong>Biuro czynne od poniedziałku do piątku od 10:oo do 16:oo</strong></p>
<hr />
<h3 style="text-align: justify;"></h3>
</div>

<p>POMOC PRAWNA DLA CZŁONKÓW PODKARPACKIEJ OKRĘGOWEJ IZBY ARCHITEKTÓW RP Bezpłatne Porady Prawne W związku z wnioskami członków Izby dotyczących pomocy prawnej, Rada PKOIA RP podjęła decyzję o uruchomieniu programu wsparcia prawnego. Program aktualnie realizowany jest w oparciu formułę bezpłatnych konsultacji z przedstawicielem kancelarii prawnej. Porady prawne dla zainteresowanych członków PKOIA RP z przedstawicielem kancelarii prawnej [&hellip;]</p>
