{"id":423,"date":"2015-02-21T00:29:16","date_gmt":"2015-02-21T00:29:16","guid":{"rendered":"http:\/\/podkarpacka.iarp.pl\/?page_id=423"},"modified":"2023-04-08T17:12:38","modified_gmt":"2023-04-08T15:12:38","slug":"ubezpieczenie-oc","status":"publish","type":"page","link":"https:\/\/podkarpacka.iarp.pl\/?page_id=423","title":{"rendered":"UBEZPIECZENIE OC"},"content":{"rendered":"<p>[vc_row][vc_column][vc_column_text]<a href=\"https:\/\/podkarpacka.iarp.pl\/wp-content\/uploads\/2015\/02\/logo-izba-male.png\"><img loading=\"lazy\" decoding=\"async\" class=\"alignleft size-full wp-image-470\" src=\"https:\/\/podkarpacka.iarp.pl\/wp-content\/uploads\/2015\/02\/logo-izba-male.png\" alt=\"logo izba male\" width=\"140\" height=\"80\" \/><\/a><\/p>\n<h2 style=\"margin: 0px 30px 0px; text-align: left;\">UBEZPIECZENIE OC CZ\u0141ONK\u00d3W PODKARPACKIEJ OKR\u0118GOWEJ IZBY ARCHITEKT\u00d3W RP<\/h2>\n<hr style=\"margin: 10px 0px 25px;\" \/>\n<p>&nbsp;<\/p>\n<p class=\"p1\" style=\"text-align: justify;\">Na podstawie Ustawy o samorz\u0105dach zawodowych, <strong>cz\u0142onek Izby musi posiada\u0107 ubezpieczenie od odpowiedzialno\u015bci cywilnej<\/strong> za szkody, kt\u00f3re mog\u0105 wynikn\u0105\u0107 w zwi\u0105zku z wykonywaniem samodzielnych funkcji technicznych w budownictwie. Obowi\u0105zek ten mo\u017cna zrealizowa\u0107 w ramach grupowego ubezpieczenia OC cz\u0142onk\u00f3w IARP.<\/p>\n<p class=\"p2\" style=\"text-align: justify;\">Jednocze\u015bnie informujemy, \u017ce osoby kt\u00f3re nie zechc\u0105 skorzysta\u0107\u00a0z ubezpieczenie odpowiedzialno\u015bci cywilnej w ramach umowy grupowej IARP, s\u0105 zobowi\u0105zane do przes\u0142ania na adres biura PKOIA RP aktualnego ubezpieczenia indywidualnego OC.<\/p>\n<p>[\/vc_column_text][\/vc_column][\/vc_row][vc_row][vc_column][vc_cta_button2 h2=&#8221;Grupowe ubezpieczenie OC &#8221; h4=&#8221;Umow\u0119 ubezpieczenia OC w ramach umowy grupowej Izby Architekt\u00f3w mo\u017cna zawrze\u0107 poprzez swoje konto w serwisie IARP.&#8221; style=&#8221;outlined&#8221; txt_align=&#8221;justify&#8221; title=&#8221;WYKUP UBEZPIECZENIE W WEWN\u0118TRZNYM SERWISIE EXTRANET.IARP.PL&#8221; color=&#8221;pink&#8221; position=&#8221;bottom&#8221; accent_color=&#8221;#b7b7b7&#8243; link=&#8221;url:https%3A%2F%2Fextranet.iarp.pl%2Fprofile%2Flogin%2Fr%2F|title:https%3A%2F%2Fextranet.iarp.p|&#8221;]I am promo text. Click edit button to change this text. Lorem ipsum dolor sit amet, consectetur adipiscing elit. Ut elit tellus, luctus nec ullamcorper mattis, pulvinar dapibus leo.[\/vc_cta_button2][\/vc_column][\/vc_row][vc_row][vc_column][vc_column_text]<\/p>\n<p style=\"font-weight: 400;\"><strong>Wznowienie ubezpieczenia OC architekta 2023\/2024<\/strong><\/p>\n<p style=\"font-weight: 400;\">W\u00a0systemie IARP uruchomiony zosta\u0142 nowy wniosek ubezpieczeniowy, umo\u017cliwiaj\u0105cy zaktualizowanie zawodowej ochrony architekt\u00f3w na\u00a0kolejne 12 miesi\u0119cy.\u00a0<strong>Aby zachowa\u0107 ci\u0105g\u0142o\u015b\u0107 polisy wniosek trzeba z\u0142o\u017cy\u0107 do\u00a014 kwietnia.<\/strong><\/p>\n<p style=\"font-weight: 400;\">Dlaczego dope\u0142nienie formalno\u015bci w\u00a0terminie jest tak\u00a0istotne? Poniewa\u017c z\u00a0perspektywy odpowiedzialno\u015bci cywilnej kluczowy jest czas osobi\u015bcie wykonywanych czynno\u015bci projektowych oraz\u00a0pe\u0142nienia nadzoru autorskiego. Nawet jednodniowa przerwa w\u00a0ubezpieczeniu oznacza utrat\u0119 ochrony. To\u00a0z\u00a0kolei wi\u0105\u017ce si\u0119 z\u00a0ryzykiem pe\u0142nej odpowiedzialno\u015bci, w\u00a0tym tak\u017ce maj\u0105tkowej.<\/p>\n<p style=\"font-weight: 400;\">Z\u0142\u00f3\u017c wniosek w<a href=\"https:\/\/extranet.iarp.pl\/profile\/login\/r\/\" data-saferedirecturl=\"https:\/\/www.google.com\/url?q=https:\/\/extranet.iarp.pl\/profile\/login\/r\/&amp;source=gmail&amp;ust=1681052192888000&amp;usg=AOvVaw1G-IAMpUjogUkTRTEipfJv\">\u00a0systemie IARP<\/a>\u00a0&gt;&gt;<\/p>\n<p style=\"font-weight: 400;\">Wi\u0119cej ni\u017c samo OC<br \/>\nPrzypominamy, \u017ce\u00a0w\u00a0ramach obowi\u0105zkowego OC ka\u017cdy architekt mo\u017ce korzysta\u0107 z\u00a0ubezpieczenia ochrony prawnej. Jest to\u00a0rozwi\u0105zanie, kt\u00f3re ma pom\u00f3c w\u00a0razie wyst\u0105pienia szkody i\u00a0powstania roszczenia. Obejmuje pokrycie koszt\u00f3w pomocy \u015bwiadczonej przez\u00a0adwokat\u00f3w i\u00a0radc\u00f3w prawnych, honorari\u00f3w rzeczoznawc\u00f3w i\u00a0bieg\u0142ych s\u0105dowych, a\u00a0tak\u017ce op\u0142aty s\u0105dowe i\u00a0skarbowe.<\/p>\n<p style=\"font-weight: 400;\">Warto te\u017c odnotowa\u0107, \u017ce\u00a0OC podstawowe obejmuje tak\u017ce czynno\u015bci architekta zwi\u0105zane z\u00a0powo\u0142aniem na\u00a0bieg\u0142ego s\u0105dowego.<\/p>\n<p style=\"font-weight: 400;\">Pe\u0142na ochrona tylko\u00a0z\u00a0OC pracowni<br \/>\nUbezpieczenie OC pracowni architektonicznej jest niezb\u0119dne przy wykonywaniu wielobran\u017cowej dokumentacji projektowej z\u00a0udzia\u0142em podwykonawc\u00f3w. Wynika to\u00a0z\u00a0faktu, \u017ce\u00a0du\u017ca cz\u0119\u015b\u0107 szk\u00f3d powstaje w\u00a0wyniku b\u0142\u0119d\u00f3w pope\u0142nionych przez\u00a0bran\u017cyst\u00f3w, a\u00a0odpowiedzialno\u015b\u0107 za\u00a0nie\u00a0ponosi architekt lub biuro projektowe (jako strona umowy cywilno-prawnej wzgl\u0119dem inwestora).<\/p>\n<p style=\"font-weight: 400;\">Za\u00a0OC pracowni zap\u0142acisz o\u00a0po\u0142ow\u0119 mniej<br \/>\nUtrzymana zosta\u0142a zni\u017cka 50% na\u00a0OC pracowni.\u00a0Aby z\u00a0niej skorzysta\u0107 trzeba jednak spe\u0142ni\u0107 trzy warunki:<\/p>\n<ul style=\"font-weight: 400;\">\n<li>prowadzi\u0107 jednoosobow\u0105 dzia\u0142alno\u015b\u0107 gospodarcz\u0105,<\/li>\n<li>wype\u0142ni\u0107 wniosek o\u00a0OC pracowni jednocze\u015bnie przy wnioskowaniu o\u00a0obowi\u0105zkowe OC,<\/li>\n<li>suma gwarancyjna w\u00a0ramach promocji nie\u00a0mo\u017ce przekroczy\u0107 500 tys. z\u0142.<\/li>\n<\/ul>\n<p style=\"font-weight: 400;\">Du\u017ce pracownie mog\u0105 wybra\u0107 wy\u017csze sumy gwarancyjne, bez\u00a0konieczno\u015bci indywidualnej wyceny ubezpieczyciela.<\/p>\n<p style=\"font-weight: 400;\"><strong>Wniosek z\u0142o\u017cysz online<\/strong><br \/>\nAby skutecznie wznowi\u0107 polis\u0119 trzeba wykona\u0107 5 prostych krok\u00f3w:<\/p>\n<ol>\n<li style=\"font-weight: 400;\">Zaloguj si\u0119 na\u00a0swoje konto w\u00a0extranecie (login to\u00a0numer przynale\u017cno\u015bci do\u00a0Izby).<br \/>\n2. Wybierz zak\u0142adk\u0119 \u201eUbezpieczenia\u201d i\u00a0nast\u0119pnie \u201eObowi\u0105zkowe OC 2023\/2024\u201d.<br \/>\n3. Wype\u0142nij wniosek o\u00a0Obowi\u0105zkowe OC i, je\u015bli chcesz, wnioski dotycz\u0105ce dodatkowych ryzyk, w\u00a0tym o\u00a0OC pracowni architektonicznej na\u00a0promocyjnych warunkach.<br \/>\n4. Je\u015bli wniosek zosta\u0142 z\u0142o\u017cony poprawnie, w\u00a0systemie wy\u015bwietli si\u0119 komunikat wraz z\u00a0numerem konta, na\u00a0kt\u00f3re w\u00a0ci\u0105gu 10 dni nale\u017cy przela\u0107 p\u0142atno\u015b\u0107.<br \/>\n5. Po\u00a0zaksi\u0119gowaniu sk\u0142adki lub raty w\u00a0systemie, po\u00a03 dniach dost\u0119pna b\u0119dzie polisa potwierdzaj\u0105ca zawarcie ubezpieczenia OC.<\/li>\n<\/ol>\n<p>[\/vc_column_text][\/vc_column][\/vc_row][vc_row][vc_column][vc_column_text]<\/p>\n<h4 class=\"p4\"><strong>UBEZPIECZENIE\u00a0OC A KOSZT UZYSKANIA PRZYCHODU<\/strong><\/h4>\n<hr \/>\n<p class=\"p4\" style=\"text-align: justify;\"><em>Na podstawie art. 23 ust. 1 pkt. 30 ustawy o podatku dochodowym od os\u00f3b fizycznych do koszt\u00f3w mo\u017cna zaliczy\u0107 wydatki podatnika na rzecz organizacji do kt\u00f3rych przynale\u017cno\u015b\u0107 jest obowi\u0105zkowa, kt\u00f3re s\u0105 poniesione w celu osi\u0105gni\u0119cia przychodu.<\/em><br \/>\n<em>Sk\u0142adka na obowi\u0105zkowe ubezpieczenie OC architekt\u00f3w r\u00f3wnie\u017c b\u0119dzie kosztem. Wydatek ten bez w\u0105tpienia jest poniesiony w celu osi\u0105gni\u0119cia przychodu.<\/em><br \/>\n<em>W\/w sprawy dotycz\u0105 os\u00f3b prowadz\u0105cych dzia\u0142alno\u015b\u0107 gospodarcz\u0105.<\/em><\/p>\n<p style=\"text-align: justify;\"><strong><em>Podstawa prawna:<\/em><\/strong><br \/>\n<em>1. Art. 6 ust. 1 ustawy z dnia 15 grudnia 2000 roku o samorz\u0105dach zawodowych architekt\u00f3w, in\u017cynier\u00f3w budownictwa oraz urbanist\u00f3w \u2013 tekst jednolity Dz. U.<\/em><br \/>\n<em>z 2001 Nr 5, poz. 42 zm. Dz. U. z 2005 Nr 150, poz. 247.<\/em><br \/>\n<em>2. Art. 23 ust. 1, pkt. 30 ustawy z dnia 26 marca 1991 roku \u00a0jednolity tekst Dz. U. z 2000 Nr 14, poz. 176 ostatnia zmiana Dz. U. z 2006 roku Nr 107, poz. 723.<\/em><\/p>\n<p>[\/vc_column_text][\/vc_column][\/vc_row]<\/p>\n","protected":false},"excerpt":{"rendered":"<p>[vc_row][vc_column][vc_column_text] UBEZPIECZENIE OC CZ\u0141ONK\u00d3W PODKARPACKIEJ OKR\u0118GOWEJ IZBY ARCHITEKT\u00d3W RP &nbsp; Na podstawie Ustawy o samorz\u0105dach zawodowych, cz\u0142onek Izby musi posiada\u0107 ubezpieczenie od odpowiedzialno\u015bci cywilnej za szkody, kt\u00f3re mog\u0105 wynikn\u0105\u0107 w zwi\u0105zku z wykonywaniem samodzielnych funkcji technicznych w budownictwie. Obowi\u0105zek ten mo\u017cna zrealizowa\u0107 w ramach grupowego ubezpieczenia OC cz\u0142onk\u00f3w IARP. Jednocze\u015bnie informujemy, \u017ce osoby kt\u00f3re nie [&hellip;]<\/p>\n","protected":false},"author":7,"featured_media":0,"parent":376,"menu_order":0,"comment_status":"closed","ping_status":"open","template":"","meta":{"footnotes":""},"class_list":["post-423","page","type-page","status-publish","hentry"],"publishpress_future_action":{"enabled":false,"date":"2026-05-05 11:02:23","action":"change-status","newStatus":"draft","terms":[],"taxonomy":"","extraData":[]},"publishpress_future_workflow_manual_trigger":{"enabledWorkflows":[]},"_links":{"self":[{"href":"https:\/\/podkarpacka.iarp.pl\/index.php?rest_route=\/wp\/v2\/pages\/423","targetHints":{"allow":["GET"]}}],"collection":[{"href":"https:\/\/podkarpacka.iarp.pl\/index.php?rest_route=\/wp\/v2\/pages"}],"about":[{"href":"https:\/\/podkarpacka.iarp.pl\/index.php?rest_route=\/wp\/v2\/types\/page"}],"author":[{"embeddable":true,"href":"https:\/\/podkarpacka.iarp.pl\/index.php?rest_route=\/wp\/v2\/users\/7"}],"replies":[{"embeddable":true,"href":"https:\/\/podkarpacka.iarp.pl\/index.php?rest_route=%2Fwp%2Fv2%2Fcomments&post=423"}],"version-history":[{"count":6,"href":"https:\/\/podkarpacka.iarp.pl\/index.php?rest_route=\/wp\/v2\/pages\/423\/revisions"}],"predecessor-version":[{"id":5315,"href":"https:\/\/podkarpacka.iarp.pl\/index.php?rest_route=\/wp\/v2\/pages\/423\/revisions\/5315"}],"up":[{"embeddable":true,"href":"https:\/\/podkarpacka.iarp.pl\/index.php?rest_route=\/wp\/v2\/pages\/376"}],"wp:attachment":[{"href":"https:\/\/podkarpacka.iarp.pl\/index.php?rest_route=%2Fwp%2Fv2%2Fmedia&parent=423"}],"curies":[{"name":"wp","href":"https:\/\/api.w.org\/{rel}","templated":true}]}}

<p>[vc_row][vc_column][vc_column_text]<a href="https://podkarpacka.iarp.pl/wp-content/uploads/2015/02/logo-izba-male.png"><img loading="lazy" decoding="async" class="alignleft size-full wp-image-470" src="https://podkarpacka.iarp.pl/wp-content/uploads/2015/02/logo-izba-male.png" alt="logo izba male" width="140" height="80" /></a></p>
<h2 style="margin: 0px 30px 0px; text-align: left;">UBEZPIECZENIE OC CZŁONKÓW PODKARPACKIEJ OKRĘGOWEJ IZBY ARCHITEKTÓW RP</h2>
<hr style="margin: 10px 0px 25px;" />
<p>&nbsp;</p>
<p class="p1" style="text-align: justify;">Na podstawie Ustawy o samorządach zawodowych, <strong>członek Izby musi posiadać ubezpieczenie od odpowiedzialności cywilnej</strong> za szkody, które mogą wyniknąć w związku z wykonywaniem samodzielnych funkcji technicznych w budownictwie. Obowiązek ten można zrealizować w ramach grupowego ubezpieczenia OC członków IARP.</p>
<p class="p2" style="text-align: justify;">Jednocześnie informujemy, że osoby które nie zechcą skorzystać z ubezpieczenie odpowiedzialności cywilnej w ramach umowy grupowej IARP, są zobowiązane do przesłania na adres biura PKOIA RP aktualnego ubezpieczenia indywidualnego OC.</p>
<p>[/vc_column_text][/vc_column][/vc_row][vc_row][vc_column][vc_cta_button2 h2=&#8221;Grupowe ubezpieczenie OC &#8221; h4=&#8221;Umowę ubezpieczenia OC w ramach umowy grupowej Izby Architektów można zawrzeć poprzez swoje konto w serwisie IARP.&#8221; style=&#8221;outlined&#8221; txt_align=&#8221;justify&#8221; title=&#8221;WYKUP UBEZPIECZENIE W WEWNĘTRZNYM SERWISIE EXTRANET.IARP.PL&#8221; color=&#8221;pink&#8221; position=&#8221;bottom&#8221; accent_color=&#8221;#b7b7b7&#8243; link=&#8221;url:https%3A%2F%2Fextranet.iarp.pl%2Fprofile%2Flogin%2Fr%2F|title:https%3A%2F%2Fextranet.iarp.p|&#8221;]I am promo text. Click edit button to change this text. Lorem ipsum dolor sit amet, consectetur adipiscing elit. Ut elit tellus, luctus nec ullamcorper mattis, pulvinar dapibus leo.[/vc_cta_button2][/vc_column][/vc_row][vc_row][vc_column][vc_column_text]</p>
<p style="font-weight: 400;"><strong>Wznowienie ubezpieczenia OC architekta 2023/2024</strong></p>
<p style="font-weight: 400;">W systemie IARP uruchomiony został nowy wniosek ubezpieczeniowy, umożliwiający zaktualizowanie zawodowej ochrony architektów na kolejne 12 miesięcy. <strong>Aby zachować ciągłość polisy wniosek trzeba złożyć do 14 kwietnia.</strong></p>
<p style="font-weight: 400;">Dlaczego dopełnienie formalności w terminie jest tak istotne? Ponieważ z perspektywy odpowiedzialności cywilnej kluczowy jest czas osobiście wykonywanych czynności projektowych oraz pełnienia nadzoru autorskiego. Nawet jednodniowa przerwa w ubezpieczeniu oznacza utratę ochrony. To z kolei wiąże się z ryzykiem pełnej odpowiedzialności, w tym także majątkowej.</p>
<p style="font-weight: 400;">Złóż wniosek w<a href="https://extranet.iarp.pl/profile/login/r/" data-saferedirecturl="https://www.google.com/url?q=https://extranet.iarp.pl/profile/login/r/&amp;source=gmail&amp;ust=1681052192888000&amp;usg=AOvVaw1G-IAMpUjogUkTRTEipfJv"> systemie IARP</a> &gt;&gt;</p>
<p style="font-weight: 400;">Więcej niż samo OC<br />
Przypominamy, że w ramach obowiązkowego OC każdy architekt może korzystać z ubezpieczenia ochrony prawnej. Jest to rozwiązanie, które ma pomóc w razie wystąpienia szkody i powstania roszczenia. Obejmuje pokrycie kosztów pomocy świadczonej przez adwokatów i radców prawnych, honorariów rzeczoznawców i biegłych sądowych, a także opłaty sądowe i skarbowe.</p>
<p style="font-weight: 400;">Warto też odnotować, że OC podstawowe obejmuje także czynności architekta związane z powołaniem na biegłego sądowego.</p>
<p style="font-weight: 400;">Pełna ochrona tylko z OC pracowni<br />
Ubezpieczenie OC pracowni architektonicznej jest niezbędne przy wykonywaniu wielobranżowej dokumentacji projektowej z udziałem podwykonawców. Wynika to z faktu, że duża część szkód powstaje w wyniku błędów popełnionych przez branżystów, a odpowiedzialność za nie ponosi architekt lub biuro projektowe (jako strona umowy cywilno-prawnej względem inwestora).</p>
<p style="font-weight: 400;">Za OC pracowni zapłacisz o połowę mniej<br />
Utrzymana została zniżka 50% na OC pracowni. Aby z niej skorzystać trzeba jednak spełnić trzy warunki:</p>
<ul style="font-weight: 400;">
<li>prowadzić jednoosobową działalność gospodarczą,</li>
<li>wypełnić wniosek o OC pracowni jednocześnie przy wnioskowaniu o obowiązkowe OC,</li>
<li>suma gwarancyjna w ramach promocji nie może przekroczyć 500 tys. zł.</li>
</ul>
<p style="font-weight: 400;">Duże pracownie mogą wybrać wyższe sumy gwarancyjne, bez konieczności indywidualnej wyceny ubezpieczyciela.</p>
<p style="font-weight: 400;"><strong>Wniosek złożysz online</strong><br />
Aby skutecznie wznowić polisę trzeba wykonać 5 prostych kroków:</p>
<ol>
<li style="font-weight: 400;">Zaloguj się na swoje konto w extranecie (login to numer przynależności do Izby).<br />
2. Wybierz zakładkę „Ubezpieczenia” i następnie „Obowiązkowe OC 2023/2024”.<br />
3. Wypełnij wniosek o Obowiązkowe OC i, jeśli chcesz, wnioski dotyczące dodatkowych ryzyk, w tym o OC pracowni architektonicznej na promocyjnych warunkach.<br />
4. Jeśli wniosek został złożony poprawnie, w systemie wyświetli się komunikat wraz z numerem konta, na które w ciągu 10 dni należy przelać płatność.<br />
5. Po zaksięgowaniu składki lub raty w systemie, po 3 dniach dostępna będzie polisa potwierdzająca zawarcie ubezpieczenia OC.</li>
</ol>
<p>[/vc_column_text][/vc_column][/vc_row][vc_row][vc_column][vc_column_text]</p>
<h4 class="p4"><strong>UBEZPIECZENIE OC A KOSZT UZYSKANIA PRZYCHODU</strong></h4>
<hr />
<p class="p4" style="text-align: justify;"><em>Na podstawie art. 23 ust. 1 pkt. 30 ustawy o podatku dochodowym od osób fizycznych do kosztów można zaliczyć wydatki podatnika na rzecz organizacji do których przynależność jest obowiązkowa, które są poniesione w celu osiągnięcia przychodu.</em><br />
<em>Składka na obowiązkowe ubezpieczenie OC architektów również będzie kosztem. Wydatek ten bez wątpienia jest poniesiony w celu osiągnięcia przychodu.</em><br />
<em>W/w sprawy dotyczą osób prowadzących działalność gospodarczą.</em></p>
<p style="text-align: justify;"><strong><em>Podstawa prawna:</em></strong><br />
<em>1. Art. 6 ust. 1 ustawy z dnia 15 grudnia 2000 roku o samorządach zawodowych architektów, inżynierów budownictwa oraz urbanistów – tekst jednolity Dz. U.</em><br />
<em>z 2001 Nr 5, poz. 42 zm. Dz. U. z 2005 Nr 150, poz. 247.</em><br />
<em>2. Art. 23 ust. 1, pkt. 30 ustawy z dnia 26 marca 1991 roku  jednolity tekst Dz. U. z 2000 Nr 14, poz. 176 ostatnia zmiana Dz. U. z 2006 roku Nr 107, poz. 723.</em></p>
<p>[/vc_column_text][/vc_column][/vc_row]</p>

<p>[vc_row][vc_column][vc_column_text] UBEZPIECZENIE OC CZŁONKÓW PODKARPACKIEJ OKRĘGOWEJ IZBY ARCHITEKTÓW RP &nbsp; Na podstawie Ustawy o samorządach zawodowych, członek Izby musi posiadać ubezpieczenie od odpowiedzialności cywilnej za szkody, które mogą wyniknąć w związku z wykonywaniem samodzielnych funkcji technicznych w budownictwie. Obowiązek ten można zrealizować w ramach grupowego ubezpieczenia OC członków IARP. Jednocześnie informujemy, że osoby które nie [&hellip;]</p>
