{"id":429,"date":"2015-02-21T00:31:40","date_gmt":"2015-02-21T00:31:40","guid":{"rendered":"http:\/\/podkarpacka.iarp.pl\/?page_id=429"},"modified":"2026-01-27T16:05:04","modified_gmt":"2026-01-27T14:05:04","slug":"praktyka-zawodowa","status":"publish","type":"page","link":"https:\/\/podkarpacka.iarp.pl\/?page_id=429","title":{"rendered":"PRAKTYKA ZAWODOWA"},"content":{"rendered":"<p><a href=\"https:\/\/podkarpacka.iarp.pl\/wp-content\/uploads\/2015\/02\/logo-izba-male.png\"><img loading=\"lazy\" decoding=\"async\" class=\"alignleft size-full wp-image-470\" src=\"https:\/\/podkarpacka.iarp.pl\/wp-content\/uploads\/2015\/02\/logo-izba-male.png\" alt=\"logo izba male\" width=\"140\" height=\"80\" \/><\/a><\/p>\n<h2 style=\"margin: 0px 30px 0px; text-align: left;\">PRAKTYKA ZAWODOWA PODKARPACKIEJ OKR\u0118GOWEJ IZBY ARCHITEKT\u00d3W RP<\/h2>\n<hr style=\"margin: 10px 0px 25px;\" \/>\n<p>&nbsp;<\/p>\n<p class=\"p1\" style=\"text-align: justify;\">Od dnia 25 wrze\u015bnia 2014 r. w zakresie ubiegania si\u0119 o uprawnienia w specjalno\u015bci architektonicznej obowi\u0105zuj\u0105 nowe przepisy wg.\u00a0<a href=\"http:\/\/isap.sejm.gov.pl\/isap.nsf\/DocDetails.xsp?id=WDU20190000831\"><strong>Rozporz\u0105dzenia Ministra Infrastruktury i Rozwoju w sprawie samodzielnych funkcji technicznych w budownictwie z dn. 11 wrze\u015bnia 2014 r. (Dz. U. z 24 wrze\u015bnia 2014 r. Poz. 1278)<\/strong><span class=\"s1\">.<\/span><\/a><\/p>\n<hr \/>\n<h4 class=\"p1\" style=\"text-align: justify;\"><\/h4>\n<h4 class=\"p1\" style=\"text-align: justify;\"><strong>OD DNIA 25 WRZE\u015aNIA 2014 ROKU PRZESTAJ\u0104 OBOWI\u0104ZYWA\u0106 DOTYCHCZASOWE KSI\u0104\u017bKI PRAKTYKI ZAWODOWEJ.<\/strong><\/h4>\n<p class=\"p2\" style=\"text-align: justify;\">Osoby, kt\u00f3re zarejestrowa\u0142y takie ksi\u0105\u017cki przed tym terminem wpisuj\u0105 i potwierdzaj\u0105 przebieg praktyki <strong>na starych zasadach do dnia 25 wrze\u015bnia 2014<\/strong><span class=\"s2\"><strong> r.<\/strong> <\/span><\/p>\n<p class=\"p2\" style=\"text-align: justify;\"><span class=\"s2\">P<\/span>o tym terminie w odniesieniu do praktyk odbywanych w kraju \u00a0obowi\u0105zuj\u0105 nowe wzory dokumnet\u00f3w, tzw. o\u015bwiadczenie potwierdzaj\u0105ce odbycie praktyki zawodowej oraz zbiorcze zestawienie odbytej praktyki. Wzory do pobrania poni\u017cej.<\/p>\n<div class='w3eden'><!-- WPDM Link Template: Default Template -->\n\n<div class=\"link-template-default card mb-2\">\n    <div class=\"card-body\">\n        <div class=\"media\">\n            <div class=\"mr-3 img-48\"><img decoding=\"async\" class=\"wpdm_icon\" alt=\"Ikonka\" src=\"https:\/\/podkarpacka.iarp.pl\/wp-content\/plugins\/download-manager\/assets\/file-type-icons\/pdf.svg\" \/><\/div>\n            <div class=\"media-body\">\n                <h3 class=\"package-title\"><a href='https:\/\/podkarpacka.iarp.pl\/?wpdmpro=praktyka-zawodowa-jako-niezbedny-element-dla-uzyskania-uprawnien-budowlanych-w-zawodzie-architekta'>PRAKTYKA-ZAWODOWA-JAKO-NIEZBEDNY-ELEMENT-DLA-UZYSKANIA-UPRAWNIEN-BUDOWLANYCH-W-ZAWODZIE-ARCHITEKTA<\/a><\/h3>\n                <div class=\"text-muted text-small\"><i class=\"fas fa-copy\"><\/i> 1 plik(i) <i class=\"fas fa-hdd ml-3\"><\/i> 181.37 KB<\/div>\n            <\/div>\n            <div class=\"ml-3\">\n                <a class='wpdm-download-link download-on-click btn btn-primary ' rel='nofollow' href='#' data-downloadurl=\"https:\/\/podkarpacka.iarp.pl\/?wpdmpro=praktyka-zawodowa-jako-niezbedny-element-dla-uzyskania-uprawnien-budowlanych-w-zawodzie-architekta&wpdmdl=7647&refresh=69f0b042991141777381442\">Pobierz<\/a>\n            <\/div>\n        <\/div>\n    <\/div>\n<\/div>\n\n<\/div>\n<p class=\"p2\" style=\"text-align: justify;\"><div class='w3eden'><!-- WPDM Link Template: Default Template -->\n\n<div class=\"link-template-default card mb-2\">\n    <div class=\"card-body\">\n        <div class=\"media\">\n            <div class=\"mr-3 img-48\"><img decoding=\"async\" class=\"wpdm_icon\" alt=\"Ikonka\"   src=\"http:\/\/podkarpacka.iarp.pl\/wp-content\/plugins\/download-manager\/assets\/file-type-icons\/pdf.png\" \/><\/div>\n            <div class=\"media-body\">\n                <h3 class=\"package-title\"><a href='https:\/\/podkarpacka.iarp.pl\/?wpdmpro=oswiadczenie-potwierdzajace-odbycie-praktyki-zawodowej'>O\u015bwiadczenie potwierdzaj\u0105ce odbycie praktyki zawodowej<\/a><\/h3>\n                <div class=\"text-muted text-small\"><i class=\"fas fa-copy\"><\/i> 1 plik(i) <i class=\"fas fa-hdd ml-3\"><\/i> 101.87 KB<\/div>\n            <\/div>\n            <div class=\"ml-3\">\n                <a class='wpdm-download-link download-on-click btn btn-primary ' rel='nofollow' href='#' data-downloadurl=\"https:\/\/podkarpacka.iarp.pl\/?wpdmpro=oswiadczenie-potwierdzajace-odbycie-praktyki-zawodowej&wpdmdl=565&refresh=69f0b0429e3df1777381442\">POBIERZ DOKUMENT<\/a>\n            <\/div>\n        <\/div>\n    <\/div>\n<\/div>\n\n<\/div>\n<p class=\"p2\" style=\"text-align: justify;\"><div class='w3eden'><!-- WPDM Link Template: Default Template -->\n\n<div class=\"link-template-default card mb-2\">\n    <div class=\"card-body\">\n        <div class=\"media\">\n            <div class=\"mr-3 img-48\"><img decoding=\"async\" class=\"wpdm_icon\" alt=\"Ikonka\"   src=\"http:\/\/podkarpacka.iarp.pl\/wp-content\/plugins\/download-manager\/assets\/file-type-icons\/pdf.png\" \/><\/div>\n            <div class=\"media-body\">\n                <h3 class=\"package-title\"><a href='https:\/\/podkarpacka.iarp.pl\/?wpdmpro=zbiorcze-zestawienie-odbytej-praktyki-zawodowej'>Zbiorcze zestawienie odbytej praktyki zawodowej w kraju<\/a><\/h3>\n                <div class=\"text-muted text-small\"><i class=\"fas fa-copy\"><\/i> 1 plik(i) <i class=\"fas fa-hdd ml-3\"><\/i> 96.15 KB<\/div>\n            <\/div>\n            <div class=\"ml-3\">\n                <a class='wpdm-download-link download-on-click btn btn-primary ' rel='nofollow' href='#' data-downloadurl=\"https:\/\/podkarpacka.iarp.pl\/?wpdmpro=zbiorcze-zestawienie-odbytej-praktyki-zawodowej&wpdmdl=563&refresh=69f0b042a10b91777381442\">POBIERZ DOKUMNET<\/a>\n            <\/div>\n        <\/div>\n    <\/div>\n<\/div>\n\n<\/div>\n<hr \/>\n<p style=\"text-align: justify;\"><strong>Odbycie praktyki zawodowej za granic\u0105<\/strong> potwierdza si\u0119 dokumentem wydanym przez kierownika jednostki, w kt\u00f3rej odbywa\u0142a si\u0119 praktyka zawodowa, potwierdzonym przez osob\u0119, pod kierunkiem kt\u00f3rej by\u0142a odbywana praktyka,\u00a0posiadaj\u0105c\u0105 uprawnienia odpowiadaj\u0105ce swoim zakresem uprawnieniom, o kt\u00f3rych\u00a0mowa w art. 14 ust. 1 ustawy.<\/p>\n","protected":false},"excerpt":{"rendered":"<p>PRAKTYKA ZAWODOWA PODKARPACKIEJ OKR\u0118GOWEJ IZBY ARCHITEKT\u00d3W RP &nbsp; Od dnia 25 wrze\u015bnia 2014 r. w zakresie ubiegania si\u0119 o uprawnienia w specjalno\u015bci architektonicznej obowi\u0105zuj\u0105 nowe przepisy wg.\u00a0Rozporz\u0105dzenia Ministra Infrastruktury i Rozwoju w sprawie samodzielnych funkcji technicznych w budownictwie z dn. 11 wrze\u015bnia 2014 r. (Dz. U. z 24 wrze\u015bnia 2014 r. Poz. 1278). OD DNIA [&hellip;]<\/p>\n","protected":false},"author":7,"featured_media":0,"parent":378,"menu_order":0,"comment_status":"closed","ping_status":"open","template":"","meta":{"footnotes":""},"class_list":["post-429","page","type-page","status-publish","hentry"],"publishpress_future_action":{"enabled":false,"date":"2026-05-05 14:04:02","action":"change-status","newStatus":"draft","terms":[],"taxonomy":"","extraData":[]},"publishpress_future_workflow_manual_trigger":{"enabledWorkflows":[]},"_links":{"self":[{"href":"https:\/\/podkarpacka.iarp.pl\/index.php?rest_route=\/wp\/v2\/pages\/429","targetHints":{"allow":["GET"]}}],"collection":[{"href":"https:\/\/podkarpacka.iarp.pl\/index.php?rest_route=\/wp\/v2\/pages"}],"about":[{"href":"https:\/\/podkarpacka.iarp.pl\/index.php?rest_route=\/wp\/v2\/types\/page"}],"author":[{"embeddable":true,"href":"https:\/\/podkarpacka.iarp.pl\/index.php?rest_route=\/wp\/v2\/users\/7"}],"replies":[{"embeddable":true,"href":"https:\/\/podkarpacka.iarp.pl\/index.php?rest_route=%2Fwp%2Fv2%2Fcomments&post=429"}],"version-history":[{"count":7,"href":"https:\/\/podkarpacka.iarp.pl\/index.php?rest_route=\/wp\/v2\/pages\/429\/revisions"}],"predecessor-version":[{"id":7649,"href":"https:\/\/podkarpacka.iarp.pl\/index.php?rest_route=\/wp\/v2\/pages\/429\/revisions\/7649"}],"up":[{"embeddable":true,"href":"https:\/\/podkarpacka.iarp.pl\/index.php?rest_route=\/wp\/v2\/pages\/378"}],"wp:attachment":[{"href":"https:\/\/podkarpacka.iarp.pl\/index.php?rest_route=%2Fwp%2Fv2%2Fmedia&parent=429"}],"curies":[{"name":"wp","href":"https:\/\/api.w.org\/{rel}","templated":true}]}}

<p><a href="https://podkarpacka.iarp.pl/wp-content/uploads/2015/02/logo-izba-male.png"><img loading="lazy" decoding="async" class="alignleft size-full wp-image-470" src="https://podkarpacka.iarp.pl/wp-content/uploads/2015/02/logo-izba-male.png" alt="logo izba male" width="140" height="80" /></a></p>
<h2 style="margin: 0px 30px 0px; text-align: left;">PRAKTYKA ZAWODOWA PODKARPACKIEJ OKRĘGOWEJ IZBY ARCHITEKTÓW RP</h2>
<hr style="margin: 10px 0px 25px;" />
<p>&nbsp;</p>
<p class="p1" style="text-align: justify;">Od dnia 25 września 2014 r. w zakresie ubiegania się o uprawnienia w specjalności architektonicznej obowiązują nowe przepisy wg. <a href="http://isap.sejm.gov.pl/isap.nsf/DocDetails.xsp?id=WDU20190000831"><strong>Rozporządzenia Ministra Infrastruktury i Rozwoju w sprawie samodzielnych funkcji technicznych w budownictwie z dn. 11 września 2014 r. (Dz. U. z 24 września 2014 r. Poz. 1278)</strong><span class="s1">.</span></a></p>
<hr />
<h4 class="p1" style="text-align: justify;"></h4>
<h4 class="p1" style="text-align: justify;"><strong>OD DNIA 25 WRZEŚNIA 2014 ROKU PRZESTAJĄ OBOWIĄZYWAĆ DOTYCHCZASOWE KSIĄŻKI PRAKTYKI ZAWODOWEJ.</strong></h4>
<p class="p2" style="text-align: justify;">Osoby, które zarejestrowały takie książki przed tym terminem wpisują i potwierdzają przebieg praktyki <strong>na starych zasadach do dnia 25 września 2014</strong><span class="s2"><strong> r.</strong> </span></p>
<p class="p2" style="text-align: justify;"><span class="s2">P</span>o tym terminie w odniesieniu do praktyk odbywanych w kraju  obowiązują nowe wzory dokumnetów, tzw. oświadczenie potwierdzające odbycie praktyki zawodowej oraz zbiorcze zestawienie odbytej praktyki. Wzory do pobrania poniżej.</p>
<div class='w3eden'><!-- WPDM Link Template: Default Template -->

<div class="link-template-default card mb-2">
    <div class="card-body">
        <div class="media">
            <div class="mr-3 img-48"><img decoding="async" class="wpdm_icon" alt="Ikonka" src="https://podkarpacka.iarp.pl/wp-content/plugins/download-manager/assets/file-type-icons/pdf.svg" /></div>
            <div class="media-body">
                <h3 class="package-title"><a href='https://podkarpacka.iarp.pl/?wpdmpro=praktyka-zawodowa-jako-niezbedny-element-dla-uzyskania-uprawnien-budowlanych-w-zawodzie-architekta'>PRAKTYKA-ZAWODOWA-JAKO-NIEZBEDNY-ELEMENT-DLA-UZYSKANIA-UPRAWNIEN-BUDOWLANYCH-W-ZAWODZIE-ARCHITEKTA</a></h3>
                <div class="text-muted text-small"><i class="fas fa-copy"></i> 1 plik(i) <i class="fas fa-hdd ml-3"></i> 181.37 KB</div>
            </div>
            <div class="ml-3">
                <a class='wpdm-download-link download-on-click btn btn-primary ' rel='nofollow' href='#' data-downloadurl="https://podkarpacka.iarp.pl/?wpdmpro=praktyka-zawodowa-jako-niezbedny-element-dla-uzyskania-uprawnien-budowlanych-w-zawodzie-architekta&wpdmdl=7647&refresh=69f0b042991141777381442">Pobierz</a>
            </div>
        </div>
    </div>
</div>

</div>
<p class="p2" style="text-align: justify;"><div class='w3eden'><!-- WPDM Link Template: Default Template -->

<div class="link-template-default card mb-2">
    <div class="card-body">
        <div class="media">
            <div class="mr-3 img-48"><img decoding="async" class="wpdm_icon" alt="Ikonka"   src="http://podkarpacka.iarp.pl/wp-content/plugins/download-manager/assets/file-type-icons/pdf.png" /></div>
            <div class="media-body">
                <h3 class="package-title"><a href='https://podkarpacka.iarp.pl/?wpdmpro=oswiadczenie-potwierdzajace-odbycie-praktyki-zawodowej'>Oświadczenie potwierdzające odbycie praktyki zawodowej</a></h3>
                <div class="text-muted text-small"><i class="fas fa-copy"></i> 1 plik(i) <i class="fas fa-hdd ml-3"></i> 101.87 KB</div>
            </div>
            <div class="ml-3">
                <a class='wpdm-download-link download-on-click btn btn-primary ' rel='nofollow' href='#' data-downloadurl="https://podkarpacka.iarp.pl/?wpdmpro=oswiadczenie-potwierdzajace-odbycie-praktyki-zawodowej&wpdmdl=565&refresh=69f0b0429e3df1777381442">POBIERZ DOKUMENT</a>
            </div>
        </div>
    </div>
</div>

</div>
<p class="p2" style="text-align: justify;"><div class='w3eden'><!-- WPDM Link Template: Default Template -->

<div class="link-template-default card mb-2">
    <div class="card-body">
        <div class="media">
            <div class="mr-3 img-48"><img decoding="async" class="wpdm_icon" alt="Ikonka"   src="http://podkarpacka.iarp.pl/wp-content/plugins/download-manager/assets/file-type-icons/pdf.png" /></div>
            <div class="media-body">
                <h3 class="package-title"><a href='https://podkarpacka.iarp.pl/?wpdmpro=zbiorcze-zestawienie-odbytej-praktyki-zawodowej'>Zbiorcze zestawienie odbytej praktyki zawodowej w kraju</a></h3>
                <div class="text-muted text-small"><i class="fas fa-copy"></i> 1 plik(i) <i class="fas fa-hdd ml-3"></i> 96.15 KB</div>
            </div>
            <div class="ml-3">
                <a class='wpdm-download-link download-on-click btn btn-primary ' rel='nofollow' href='#' data-downloadurl="https://podkarpacka.iarp.pl/?wpdmpro=zbiorcze-zestawienie-odbytej-praktyki-zawodowej&wpdmdl=563&refresh=69f0b042a10b91777381442">POBIERZ DOKUMNET</a>
            </div>
        </div>
    </div>
</div>

</div>
<hr />
<p style="text-align: justify;"><strong>Odbycie praktyki zawodowej za granicą</strong> potwierdza się dokumentem wydanym przez kierownika jednostki, w której odbywała się praktyka zawodowa, potwierdzonym przez osobę, pod kierunkiem której była odbywana praktyka, posiadającą uprawnienia odpowiadające swoim zakresem uprawnieniom, o których mowa w art. 14 ust. 1 ustawy.</p>

<p>PRAKTYKA ZAWODOWA PODKARPACKIEJ OKRĘGOWEJ IZBY ARCHITEKTÓW RP &nbsp; Od dnia 25 września 2014 r. w zakresie ubiegania się o uprawnienia w specjalności architektonicznej obowiązują nowe przepisy wg. Rozporządzenia Ministra Infrastruktury i Rozwoju w sprawie samodzielnych funkcji technicznych w budownictwie z dn. 11 września 2014 r. (Dz. U. z 24 września 2014 r. Poz. 1278). OD DNIA [&hellip;]</p>
