{"id":433,"date":"2015-02-21T00:32:55","date_gmt":"2015-02-21T00:32:55","guid":{"rendered":"http:\/\/podkarpacka.iarp.pl\/?page_id=433"},"modified":"2026-03-10T21:15:39","modified_gmt":"2026-03-10T19:15:39","slug":"egzamin-na-uprawnienia","status":"publish","type":"page","link":"https:\/\/podkarpacka.iarp.pl\/?page_id=433","title":{"rendered":"EGZAMIN NA UPRAWNIENIA"},"content":{"rendered":"<p><a href=\"https:\/\/podkarpacka.iarp.pl\/wp-content\/uploads\/2015\/02\/logo-izba-male.png\"><img loading=\"lazy\" decoding=\"async\" class=\"alignleft size-full wp-image-470\" src=\"https:\/\/podkarpacka.iarp.pl\/wp-content\/uploads\/2015\/02\/logo-izba-male.png\" alt=\"logo izba male\" width=\"140\" height=\"80\" \/><\/a><\/p>\n<h2 style=\"margin: 0px 30px 0px; text-align: left;\">EGZAMIN NA UPRAWNIENIA BUDOWLANE W PODKARPACKIEJ OKR\u0118GOWEJ IZBIE ARCHITEKT\u00d3W<\/h2>\n<hr style=\"margin: 10px 0px 25px;\" \/>\n<p class=\"p1\" style=\"text-align: justify;\"><span class=\"s1\"><strong>Terminy egzamin\u00f3w<\/strong><\/span> na uprawnienia budowlane w specjalno\u015bci architektonicznej<\/p>\n<p>&nbsp;<\/p>\n<table style=\"height: 155px;\" width=\"678\">\n<tbody>\n<tr>\n<td width=\"170\">\n<h1 style=\"margin: -10px 0px; text-align: left;\"><span style=\"color: #808080;\"><strong>2024 ROK<\/strong><\/span><\/h1>\n<\/td>\n<td style=\"text-align: center;\" width=\"220\">\n<h5 style=\"margin: -10px 0px;\">TERMIN EGZAMINU<\/h5>\n<\/td>\n<td width=\"220\">\n<h5 style=\"margin: -10px 0px; text-align: center;\">OSTATECZNY TERMIN SK\u0141ADANIA WNIOSK\u00d3W<\/h5>\n<\/td>\n<\/tr>\n<tr>\n<td>\n<h4 style=\"margin: -10px 0px; text-align: left;\">LETNIA SESJA EGZAMINACYJNA<\/h4>\n<\/td>\n<td>\n<h3 style=\"margin: -10px 0px; text-align: center;\">07 czerwca 2024 r.<\/h3>\n<h3 style=\"margin: -10px 0px; text-align: center;\">godz. 10:00<\/h3>\n<\/td>\n<td>\n<h3 style=\"margin: -10px 0px; text-align: center;\">07 marca 2024 r.<\/h3>\n<\/td>\n<\/tr>\n<tr>\n<td>\n<h4 style=\"margin: -10px 0px; text-align: left;\">ZIMOWA SESJA EGZAMINACYJNA<\/h4>\n<\/td>\n<td style=\"text-align: center;\">\n<h3 style=\"margin: -10px 0px;\">22 listopada 2024 r.<\/h3>\n<h3 style=\"margin: -10px 0px;\">godz. 10:00<\/h3>\n<\/td>\n<td>\n<h3 style=\"margin: -10px 0px; text-align: center;\">22 sierpnia 2024 r.<\/h3>\n<\/td>\n<\/tr>\n<\/tbody>\n<\/table>\n<p>&nbsp;<\/p>\n<table style=\"height: 155px;\" width=\"678\">\n<tbody>\n<tr>\n<td width=\"170\">\n<h1 style=\"margin: -10px 0px; text-align: left;\"><span style=\"color: #808080;\"><strong>2025 ROK<\/strong><\/span><\/h1>\n<\/td>\n<td style=\"text-align: center;\" width=\"220\">\n<h5 style=\"margin: -10px 0px;\">TERMIN EGZAMINU<\/h5>\n<\/td>\n<td width=\"220\">\n<h5 style=\"margin: -10px 0px; text-align: center;\">OSTATECZNY TERMIN SK\u0141ADANIA WNIOSK\u00d3W<\/h5>\n<\/td>\n<\/tr>\n<tr>\n<td>\n<h4 style=\"margin: -10px 0px; text-align: left;\">LETNIA SESJA EGZAMINACYJNA<\/h4>\n<\/td>\n<td>\n<h3 style=\"margin: -10px 0px; text-align: center;\">16 maj 2025 r.<\/h3>\n<\/td>\n<td>\n<h3 style=\"margin: -10px 0px; text-align: center;\">17 luty\u00a02025\u00a0r.<\/h3>\n<\/td>\n<\/tr>\n<tr>\n<td>\n<h4 style=\"margin: -10px 0px; text-align: left;\">ZIMOWA SESJA EGZAMINACYJNA<\/h4>\n<\/td>\n<td style=\"text-align: center;\">\n<h3 style=\"margin: -10px 0px;\">21 listopada 2025 r.<\/h3>\n<\/td>\n<td>\n<h3 style=\"margin: -10px 0px; text-align: center;\">21 sierpnia 2025 r.<\/h3>\n<\/td>\n<\/tr>\n<\/tbody>\n<\/table>\n<p>&nbsp;<\/p>\n<table style=\"height: 155px;\" width=\"678\">\n<tbody>\n<tr>\n<td width=\"170\">\n<h1 style=\"margin: -10px 0px; text-align: left;\"><span style=\"color: #808080;\"><strong>2026 ROK<\/strong><\/span><\/h1>\n<\/td>\n<td style=\"text-align: center;\" width=\"220\">\n<h5 style=\"margin: -10px 0px;\">TERMIN EGZAMINU<\/h5>\n<\/td>\n<td width=\"220\">\n<h5 style=\"margin: -10px 0px; text-align: center;\">OSTATECZNY TERMIN SK\u0141ADANIA WNIOSK\u00d3W<\/h5>\n<\/td>\n<\/tr>\n<tr>\n<td>\n<h4 style=\"margin: -10px 0px; text-align: left;\">LETNIA SESJA EGZAMINACYJNA<\/h4>\n<\/td>\n<td>\n<h3 style=\"margin: -10px 0px; text-align: center;\">15 maj 2026 r.<\/h3>\n<\/td>\n<td>\n<h3 style=\"margin: -10px 0px; text-align: center;\">16 luty 2026 r.<\/h3>\n<\/td>\n<\/tr>\n<tr>\n<td>\n<h4 style=\"margin: -10px 0px; text-align: left;\">ZIMOWA SESJA EGZAMINACYJNA<\/h4>\n<\/td>\n<td style=\"text-align: center;\">\n<h3 style=\"margin: -10px 0px;\">20 listopada 2026 r.<\/h3>\n<\/td>\n<td>\n<h3 style=\"margin: -10px 0px; text-align: center;\">20 sierpnia 2026 r.<\/h3>\n<\/td>\n<\/tr>\n<\/tbody>\n<\/table>\n<p>&nbsp;<\/p>\n<p><a href=\"https:\/\/podkarpacka.iarp.pl\/wp-content\/uploads\/2022\/05\/MRiT-z-upowa\u017cnienia-do-Prezesa-KRIA_RP.pdf\" target=\"_blank\" rel=\"noopener noreferrer\">Wytyczne dotycz\u0105ce przeprowadzania egzamin\u00f3w na uprawnienia budowlane organizowanych przez okr\u0119gowe komisje kwalifikacyjne okr\u0119gowych izb architekt\u00f3w oraz in\u017cynier\u00f3w budownictwa w okresie epidemii spowodowanej zaka\u017ceniami wirusem SARS-CoV-2. Pobierz<\/a><\/p>\n<p>&nbsp;<\/p>\n<p><strong>Od 24luty 2026<\/strong><strong>r.\u00a0<\/strong> op\u0142aty za post\u0119powanie kwalifikacyjne o nadanie uprawnie\u0144 budowlanych w specjalno\u015bci architektonicznej, o kt\u00f3rych mowa w artyku\u0142ach poni\u017cej wynosz\u0105 odpowiednio:<\/p>\n<p>1. Op\u0142ata za post\u0119powanie kwalifikacyjne o nadanie uprawnie\u0144 budowlanych do projektowania w specjalno\u015bci architektonicznej wynosi;<\/p>\n<p>a) z tytu\u0142u kwalifikowania <strong>1 950,00 z\u0142.<\/strong><\/p>\n<p>b) z tytu\u0142u przeprowadzenia egzaminu <strong>1 950,00 z\u0142.<\/strong><\/p>\n<p>c) z tytu\u0142u ponownego przeprowadzenia cz\u0119\u015bci ustnej egzaminu <strong>1 150,00 z\u0142.<\/strong><\/p>\n<p>2. Op\u0142ata za post\u0119powanie kwalifikacyjne o nadanie uprawnie\u0144 budowlanych do projektowania i kierowania robotami budowlanymi w specjalno\u015bci architektonicznej wynosi;<\/p>\n<p>a) z tytu\u0142u kwalifikowania <strong>2930,00 z\u0142.<\/strong><\/p>\n<p>b) z tytu\u0142u przeprowadzenia egzaminu <strong>2930,00 z\u0142.<\/strong><\/p>\n<p>c) z tytu\u0142u ponownego przeprowadzenia cz\u0119\u015bci ustnej egzaminu <strong>1690,00 z\u0142.<\/strong><\/p>\n<p>Uchwa\u0142a wchodzi w \u017cycie z dniem <strong>24 luty 2025 r.<\/strong><\/p>\n\n<p>&nbsp;<\/p>\n<h2><strong>Nowy termin zimowej sesji egzaminacyjnej<\/strong><\/h2>\n<p><strong>KOMUNIKAT KRAJOWEJ KOMISJI KWALIFIKACYJNEJ IARP<\/strong><\/p>\n<p>W zwi\u0105zku z odwo\u0142aniem wyznaczonego na dzie\u0144 04 grudnia 2020 r. terminu zimowej sesji egzamin\u00f3w na uprawnienia budowlane w specjalno\u015bci architektonicznej z powodu zagro\u017cenia epidemicznego, Krajowa Komisja Kwalifikacyjna IARP wyznacza nowy termin zimowej sesji egzaminacyjnej na dzie\u0144 19 lutego 2021 r., o godzinie 10.00 &#8211; cz\u0119\u015b\u0107 pisemna egzaminu.<\/p>\n<p>Do egzaminu b\u0119d\u0105 mog\u0142y przyst\u0105pi\u0107 osoby, kt\u00f3re przesz\u0142y pozytywn\u0105 kwalifikacj\u0119 i zosta\u0142y dopuszczone do zimowej sesji egzaminacyjnej.<\/p>\n<p>Dodatkowo uprzejmie informujemy, \u017ce dla os\u00f3b z sesji wrze\u015bniowej pozostaje niezmieniona sesja dodatkowa wyznaczona na dzie\u0144 19 lutego 2021 r.<\/p>\n<p>&nbsp;<\/p>\n<p><strong>Informacja w sprawie odwo\u0142ania zimowej sesji egzaminacyjnej w roku 2020<\/strong><\/p>\n<p>1. W zwi\u0105zku z og\u0142oszeniem na obszarze Rzeczypospolitej Polskiej stanu epidemii oraz ustanowieniem zakaz\u00f3w zgromadze\u0144 na mocy \u00a7 28 ust. 9 Rozporz\u0105dzenia Rady Ministr\u00f3w z dnia 9 pa\u017adziernika 2020 r. w sprawie ustanowienia okre\u015blonych ogranicze\u0144, nakaz\u00f3w i zakaz\u00f3w w zwi\u0105zku z wyst\u0105pieniem stanu epidemii (Dz. U. z 2020 r., poz. 1758 ze zm.), Krajowa Komisja Kwalifikacyjna Izby Architekt\u00f3w RP podj\u0119\u0142a decyzj\u0119 o odwo\u0142aniu zimowej sesji egzaminacyjnej na uprawnienia budowlane w specjalno\u015bci architektonicznej w roku 2020, kt\u00f3rej termin wyznaczony by\u0142 na dzie\u0144 4 grudnia 2020 r.<\/p>\n<p>2. Osobom, kt\u00f3re z\u0142o\u017cy\u0142y wnioski o przeprowadzenie post\u0119powania kwalifikacyjnego w ramach zimowej sesji egzaminacyjnej i wnios\u0142y op\u0142at\u0119 z tytu\u0142u post\u0119powania kwalifikacyjnego oraz op\u0142at\u0119 z tytu\u0142u przeprowadzenia egzaminu, a nast\u0119pnie na skutek odwo\u0142ania egzaminu wycofa\u0142y sw\u00f3j wniosek op\u0142ata zostanie zwr\u00f3cona wy\u0142\u0105cznie w cz\u0119\u015bci op\u0142aty za przeprowadzenie egzaminu.<\/p>\n<p>3. Osoby, kt\u00f3re nie wycofa\u0142y wniosk\u00f3w i przesz\u0142y pozytywnie procedur\u0119 kwalifikacji, b\u0119d\u0105 egzaminowane w ramach najbli\u017cszej sesji egzaminacyjnej.<\/p>\n<p>4. Informacja o nowym terminie egzaminu zostanie podana do publicznej wiadomo\u015bci niezw\u0142ocznie po jego ustaleniu.<\/p>\n<p>&nbsp;<\/p>\n<p><strong>Dodatkowy termin egzaminu na uprawnienia 19.02.2021<\/strong><\/p>\n<p>Krajowa Komisja Kwalifikacyjna IARP informuje, \u017ce 5 pa\u017adziernika 2020 r. podj\u0119ta zosta\u0142a uchwa\u0142a w sprawie wyznaczenia dodatkowego terminu sesji egzaminacyjnej na uprawnienia budowlane w specjalno\u015bci architektonicznej w roku 2021 r. dla os\u00f3b, kt\u00f3re uzyska\u0142y negatywny wynik cz\u0119\u015bci pisemnej lub cz\u0119\u015bci ustnej egzaminu podczas sesji przeprowadzonej we wrze\u015bniu 2020 r.<\/p>\n<p>Dodatkowy termin egzaminu na uprawnienia wyznaczony zosta\u0142 na 19 lutego 2021 r. i przeznaczony jest wy\u0142\u0105cznie dla os\u00f3b, kt\u00f3re uzyska\u0142y negatywny wynik cz\u0119\u015bci pisemnej lub ustnej egzaminu we wrze\u015bniu 2020 r. Wnioski o przyst\u0105pienie do egzaminu mo\u017cna sk\u0142ada\u0107 najp\u00f3\u017aniej do 19 listopada 2020 r. Osoby, kt\u00f3re uzyskaj\u0105 negatywny wynik egzaminu pisemnego lub ustnego w sesji zimowej (grudzie\u0144 2020 r.) mog\u0105 przyst\u0105pi\u0107 do egzaminu najwcze\u015bniej w sesji letniej tj. 11 czerwca 2021 r. Osoby, kt\u00f3re uzyskaj\u0105 negatywny wynik egzaminu pisemnego lub ustnego w dodatkowej sesji egzaminacyjnej (luty 2021) b\u0119d\u0105 mog\u0142y przyst\u0105pi\u0107 do egzaminu w sesji letniej 2021 (czerwiec 2021).<\/p>\n","protected":false},"excerpt":{"rendered":"<p>EGZAMIN NA UPRAWNIENIA BUDOWLANE W PODKARPACKIEJ OKR\u0118GOWEJ IZBIE ARCHITEKT\u00d3W Terminy egzamin\u00f3w na uprawnienia budowlane w specjalno\u015bci architektonicznej &nbsp; 2024 ROK TERMIN EGZAMINU OSTATECZNY TERMIN SK\u0141ADANIA WNIOSK\u00d3W LETNIA SESJA EGZAMINACYJNA 07 czerwca 2024 r. godz. 10:00 07 marca 2024 r. ZIMOWA SESJA EGZAMINACYJNA 22 listopada 2024 r. godz. 10:00 22 sierpnia 2024 r. &nbsp; 2025 ROK [&hellip;]<\/p>\n","protected":false},"author":7,"featured_media":0,"parent":378,"menu_order":0,"comment_status":"closed","ping_status":"open","template":"","meta":{"footnotes":""},"class_list":["post-433","page","type-page","status-publish","hentry"],"publishpress_future_action":{"enabled":false,"date":"2026-05-06 15:04:08","action":"change-status","newStatus":"draft","terms":[],"taxonomy":"","extraData":[]},"publishpress_future_workflow_manual_trigger":{"enabledWorkflows":[]},"_links":{"self":[{"href":"https:\/\/podkarpacka.iarp.pl\/index.php?rest_route=\/wp\/v2\/pages\/433","targetHints":{"allow":["GET"]}}],"collection":[{"href":"https:\/\/podkarpacka.iarp.pl\/index.php?rest_route=\/wp\/v2\/pages"}],"about":[{"href":"https:\/\/podkarpacka.iarp.pl\/index.php?rest_route=\/wp\/v2\/types\/page"}],"author":[{"embeddable":true,"href":"https:\/\/podkarpacka.iarp.pl\/index.php?rest_route=\/wp\/v2\/users\/7"}],"replies":[{"embeddable":true,"href":"https:\/\/podkarpacka.iarp.pl\/index.php?rest_route=%2Fwp%2Fv2%2Fcomments&post=433"}],"version-history":[{"count":63,"href":"https:\/\/podkarpacka.iarp.pl\/index.php?rest_route=\/wp\/v2\/pages\/433\/revisions"}],"predecessor-version":[{"id":8119,"href":"https:\/\/podkarpacka.iarp.pl\/index.php?rest_route=\/wp\/v2\/pages\/433\/revisions\/8119"}],"up":[{"embeddable":true,"href":"https:\/\/podkarpacka.iarp.pl\/index.php?rest_route=\/wp\/v2\/pages\/378"}],"wp:attachment":[{"href":"https:\/\/podkarpacka.iarp.pl\/index.php?rest_route=%2Fwp%2Fv2%2Fmedia&parent=433"}],"curies":[{"name":"wp","href":"https:\/\/api.w.org\/{rel}","templated":true}]}}

<p><a href="https://podkarpacka.iarp.pl/wp-content/uploads/2015/02/logo-izba-male.png"><img loading="lazy" decoding="async" class="alignleft size-full wp-image-470" src="https://podkarpacka.iarp.pl/wp-content/uploads/2015/02/logo-izba-male.png" alt="logo izba male" width="140" height="80" /></a></p>
<h2 style="margin: 0px 30px 0px; text-align: left;">EGZAMIN NA UPRAWNIENIA BUDOWLANE W PODKARPACKIEJ OKRĘGOWEJ IZBIE ARCHITEKTÓW</h2>
<hr style="margin: 10px 0px 25px;" />
<p class="p1" style="text-align: justify;"><span class="s1"><strong>Terminy egzaminów</strong></span> na uprawnienia budowlane w specjalności architektonicznej</p>
<p>&nbsp;</p>
<table style="height: 155px;" width="678">
<tbody>
<tr>
<td width="170">
<h1 style="margin: -10px 0px; text-align: left;"><span style="color: #808080;"><strong>2024 ROK</strong></span></h1>
</td>
<td style="text-align: center;" width="220">
<h5 style="margin: -10px 0px;">TERMIN EGZAMINU</h5>
</td>
<td width="220">
<h5 style="margin: -10px 0px; text-align: center;">OSTATECZNY TERMIN SKŁADANIA WNIOSKÓW</h5>
</td>
</tr>
<tr>
<td>
<h4 style="margin: -10px 0px; text-align: left;">LETNIA SESJA EGZAMINACYJNA</h4>
</td>
<td>
<h3 style="margin: -10px 0px; text-align: center;">07 czerwca 2024 r.</h3>
<h3 style="margin: -10px 0px; text-align: center;">godz. 10:00</h3>
</td>
<td>
<h3 style="margin: -10px 0px; text-align: center;">07 marca 2024 r.</h3>
</td>
</tr>
<tr>
<td>
<h4 style="margin: -10px 0px; text-align: left;">ZIMOWA SESJA EGZAMINACYJNA</h4>
</td>
<td style="text-align: center;">
<h3 style="margin: -10px 0px;">22 listopada 2024 r.</h3>
<h3 style="margin: -10px 0px;">godz. 10:00</h3>
</td>
<td>
<h3 style="margin: -10px 0px; text-align: center;">22 sierpnia 2024 r.</h3>
</td>
</tr>
</tbody>
</table>
<p>&nbsp;</p>
<table style="height: 155px;" width="678">
<tbody>
<tr>
<td width="170">
<h1 style="margin: -10px 0px; text-align: left;"><span style="color: #808080;"><strong>2025 ROK</strong></span></h1>
</td>
<td style="text-align: center;" width="220">
<h5 style="margin: -10px 0px;">TERMIN EGZAMINU</h5>
</td>
<td width="220">
<h5 style="margin: -10px 0px; text-align: center;">OSTATECZNY TERMIN SKŁADANIA WNIOSKÓW</h5>
</td>
</tr>
<tr>
<td>
<h4 style="margin: -10px 0px; text-align: left;">LETNIA SESJA EGZAMINACYJNA</h4>
</td>
<td>
<h3 style="margin: -10px 0px; text-align: center;">16 maj 2025 r.</h3>
</td>
<td>
<h3 style="margin: -10px 0px; text-align: center;">17 luty 2025 r.</h3>
</td>
</tr>
<tr>
<td>
<h4 style="margin: -10px 0px; text-align: left;">ZIMOWA SESJA EGZAMINACYJNA</h4>
</td>
<td style="text-align: center;">
<h3 style="margin: -10px 0px;">21 listopada 2025 r.</h3>
</td>
<td>
<h3 style="margin: -10px 0px; text-align: center;">21 sierpnia 2025 r.</h3>
</td>
</tr>
</tbody>
</table>
<p>&nbsp;</p>
<table style="height: 155px;" width="678">
<tbody>
<tr>
<td width="170">
<h1 style="margin: -10px 0px; text-align: left;"><span style="color: #808080;"><strong>2026 ROK</strong></span></h1>
</td>
<td style="text-align: center;" width="220">
<h5 style="margin: -10px 0px;">TERMIN EGZAMINU</h5>
</td>
<td width="220">
<h5 style="margin: -10px 0px; text-align: center;">OSTATECZNY TERMIN SKŁADANIA WNIOSKÓW</h5>
</td>
</tr>
<tr>
<td>
<h4 style="margin: -10px 0px; text-align: left;">LETNIA SESJA EGZAMINACYJNA</h4>
</td>
<td>
<h3 style="margin: -10px 0px; text-align: center;">15 maj 2026 r.</h3>
</td>
<td>
<h3 style="margin: -10px 0px; text-align: center;">16 luty 2026 r.</h3>
</td>
</tr>
<tr>
<td>
<h4 style="margin: -10px 0px; text-align: left;">ZIMOWA SESJA EGZAMINACYJNA</h4>
</td>
<td style="text-align: center;">
<h3 style="margin: -10px 0px;">20 listopada 2026 r.</h3>
</td>
<td>
<h3 style="margin: -10px 0px; text-align: center;">20 sierpnia 2026 r.</h3>
</td>
</tr>
</tbody>
</table>
<p>&nbsp;</p>
<p><a href="https://podkarpacka.iarp.pl/wp-content/uploads/2022/05/MRiT-z-upoważnienia-do-Prezesa-KRIA_RP.pdf" target="_blank" rel="noopener noreferrer">Wytyczne dotyczące przeprowadzania egzaminów na uprawnienia budowlane organizowanych przez okręgowe komisje kwalifikacyjne okręgowych izb architektów oraz inżynierów budownictwa w okresie epidemii spowodowanej zakażeniami wirusem SARS-CoV-2. Pobierz</a></p>
<p>&nbsp;</p>
<p><strong>Od 24luty 2026</strong><strong>r. </strong> opłaty za postępowanie kwalifikacyjne o nadanie uprawnień budowlanych w specjalności architektonicznej, o których mowa w artykułach poniżej wynoszą odpowiednio:</p>
<p>1. Opłata za postępowanie kwalifikacyjne o nadanie uprawnień budowlanych do projektowania w specjalności architektonicznej wynosi;</p>
<p>a) z tytułu kwalifikowania <strong>1 950,00 zł.</strong></p>
<p>b) z tytułu przeprowadzenia egzaminu <strong>1 950,00 zł.</strong></p>
<p>c) z tytułu ponownego przeprowadzenia części ustnej egzaminu <strong>1 150,00 zł.</strong></p>
<p>2. Opłata za postępowanie kwalifikacyjne o nadanie uprawnień budowlanych do projektowania i kierowania robotami budowlanymi w specjalności architektonicznej wynosi;</p>
<p>a) z tytułu kwalifikowania <strong>2930,00 zł.</strong></p>
<p>b) z tytułu przeprowadzenia egzaminu <strong>2930,00 zł.</strong></p>
<p>c) z tytułu ponownego przeprowadzenia części ustnej egzaminu <strong>1690,00 zł.</strong></p>
<p>Uchwała wchodzi w życie z dniem <strong>24 luty 2025 r.</strong></p>

<p>&nbsp;</p>
<h2><strong>Nowy termin zimowej sesji egzaminacyjnej</strong></h2>
<p><strong>KOMUNIKAT KRAJOWEJ KOMISJI KWALIFIKACYJNEJ IARP</strong></p>
<p>W związku z odwołaniem wyznaczonego na dzień 04 grudnia 2020 r. terminu zimowej sesji egzaminów na uprawnienia budowlane w specjalności architektonicznej z powodu zagrożenia epidemicznego, Krajowa Komisja Kwalifikacyjna IARP wyznacza nowy termin zimowej sesji egzaminacyjnej na dzień 19 lutego 2021 r., o godzinie 10.00 &#8211; część pisemna egzaminu.</p>
<p>Do egzaminu będą mogły przystąpić osoby, które przeszły pozytywną kwalifikację i zostały dopuszczone do zimowej sesji egzaminacyjnej.</p>
<p>Dodatkowo uprzejmie informujemy, że dla osób z sesji wrześniowej pozostaje niezmieniona sesja dodatkowa wyznaczona na dzień 19 lutego 2021 r.</p>
<p>&nbsp;</p>
<p><strong>Informacja w sprawie odwołania zimowej sesji egzaminacyjnej w roku 2020</strong></p>
<p>1. W związku z ogłoszeniem na obszarze Rzeczypospolitej Polskiej stanu epidemii oraz ustanowieniem zakazów zgromadzeń na mocy § 28 ust. 9 Rozporządzenia Rady Ministrów z dnia 9 października 2020 r. w sprawie ustanowienia określonych ograniczeń, nakazów i zakazów w związku z wystąpieniem stanu epidemii (Dz. U. z 2020 r., poz. 1758 ze zm.), Krajowa Komisja Kwalifikacyjna Izby Architektów RP podjęła decyzję o odwołaniu zimowej sesji egzaminacyjnej na uprawnienia budowlane w specjalności architektonicznej w roku 2020, której termin wyznaczony był na dzień 4 grudnia 2020 r.</p>
<p>2. Osobom, które złożyły wnioski o przeprowadzenie postępowania kwalifikacyjnego w ramach zimowej sesji egzaminacyjnej i wniosły opłatę z tytułu postępowania kwalifikacyjnego oraz opłatę z tytułu przeprowadzenia egzaminu, a następnie na skutek odwołania egzaminu wycofały swój wniosek opłata zostanie zwrócona wyłącznie w części opłaty za przeprowadzenie egzaminu.</p>
<p>3. Osoby, które nie wycofały wniosków i przeszły pozytywnie procedurę kwalifikacji, będą egzaminowane w ramach najbliższej sesji egzaminacyjnej.</p>
<p>4. Informacja o nowym terminie egzaminu zostanie podana do publicznej wiadomości niezwłocznie po jego ustaleniu.</p>
<p>&nbsp;</p>
<p><strong>Dodatkowy termin egzaminu na uprawnienia 19.02.2021</strong></p>
<p>Krajowa Komisja Kwalifikacyjna IARP informuje, że 5 października 2020 r. podjęta została uchwała w sprawie wyznaczenia dodatkowego terminu sesji egzaminacyjnej na uprawnienia budowlane w specjalności architektonicznej w roku 2021 r. dla osób, które uzyskały negatywny wynik części pisemnej lub części ustnej egzaminu podczas sesji przeprowadzonej we wrześniu 2020 r.</p>
<p>Dodatkowy termin egzaminu na uprawnienia wyznaczony został na 19 lutego 2021 r. i przeznaczony jest wyłącznie dla osób, które uzyskały negatywny wynik części pisemnej lub ustnej egzaminu we wrześniu 2020 r. Wnioski o przystąpienie do egzaminu można składać najpóźniej do 19 listopada 2020 r. Osoby, które uzyskają negatywny wynik egzaminu pisemnego lub ustnego w sesji zimowej (grudzień 2020 r.) mogą przystąpić do egzaminu najwcześniej w sesji letniej tj. 11 czerwca 2021 r. Osoby, które uzyskają negatywny wynik egzaminu pisemnego lub ustnego w dodatkowej sesji egzaminacyjnej (luty 2021) będą mogły przystąpić do egzaminu w sesji letniej 2021 (czerwiec 2021).</p>

<p>EGZAMIN NA UPRAWNIENIA BUDOWLANE W PODKARPACKIEJ OKRĘGOWEJ IZBIE ARCHITEKTÓW Terminy egzaminów na uprawnienia budowlane w specjalności architektonicznej &nbsp; 2024 ROK TERMIN EGZAMINU OSTATECZNY TERMIN SKŁADANIA WNIOSKÓW LETNIA SESJA EGZAMINACYJNA 07 czerwca 2024 r. godz. 10:00 07 marca 2024 r. ZIMOWA SESJA EGZAMINACYJNA 22 listopada 2024 r. godz. 10:00 22 sierpnia 2024 r. &nbsp; 2025 ROK [&hellip;]</p>
