{"id":435,"date":"2015-02-21T00:33:21","date_gmt":"2015-02-21T00:33:21","guid":{"rendered":"http:\/\/podkarpacka.iarp.pl\/?page_id=435"},"modified":"2026-03-25T07:05:17","modified_gmt":"2026-03-25T06:05:17","slug":"wykaz-aktow-prawnych","status":"publish","type":"page","link":"https:\/\/podkarpacka.iarp.pl\/?page_id=435","title":{"rendered":"WYKAZ AKT\u00d3W PRAWNYCH"},"content":{"rendered":"<p style=\"text-align: justify;\"><a href=\"https:\/\/podkarpacka.iarp.pl\/wp-content\/uploads\/2015\/02\/logo-izba-male.png\"><img loading=\"lazy\" decoding=\"async\" class=\"alignleft size-full wp-image-470\" src=\"https:\/\/podkarpacka.iarp.pl\/wp-content\/uploads\/2015\/02\/logo-izba-male.png\" alt=\"logo izba male\" width=\"140\" height=\"80\" \/><\/a><\/p>\n<h2 style=\"margin: 0px 30px; text-align: left;\">WYKAZ AKT\u00d3W PRAWNYCH WYMAGANYCH DO EGZAMINU NA UPRAWNIENIA BUDOWLANE<\/h2>\n<hr style=\"margin: 10px 0px 25px;\" \/>\n<p>&nbsp;<\/p>\n<h4 style=\"text-align: justify;\">WYKAZ AKT\u00d3W PRAWNYCH wymaganych do egzaminu na uprawnienia budowlane w specjalno\u015bci architektonicznej z okre\u015bleniem niezb\u0119dnego zakresu ich znajomo\u015bci obowi\u0105zuj\u0105cych przy przyst\u0119powaniu do egzaminu w obecnej sesji egzaminacyjnej.<\/h4>\n<div class='w3eden'><!-- WPDM Link Template: Default Template -->\n\n<div class=\"link-template-default card mb-2\">\n    <div class=\"card-body\">\n        <div class=\"media\">\n            <div class=\"mr-3 img-48\"><img decoding=\"async\" class=\"wpdm_icon\" alt=\"Ikonka\" src=\"https:\/\/podkarpacka.iarp.pl\/wp-content\/plugins\/download-manager\/assets\/file-type-icons\/pdf.svg\" \/><\/div>\n            <div class=\"media-body\">\n                <h3 class=\"package-title\"><a href='https:\/\/podkarpacka.iarp.pl\/?wpdmpro=2026-v-15-egzamin_wykaz_aktow-prawnych-stan-prawny-28-ii-2026'>2026 V 15 EGZAMIN_WYKAZ_AKT\u00d3W PRAWNYCH stan prawny 28 II 2026<\/a><\/h3>\n                <div class=\"text-muted text-small\"><i class=\"fas fa-copy\"><\/i> 1 plik(i) <i class=\"fas fa-hdd ml-3\"><\/i> 402.24 KB<\/div>\n            <\/div>\n            <div class=\"ml-3\">\n                <a class='wpdm-download-link download-on-click btn btn-primary ' rel='nofollow' href='#' data-downloadurl=\"https:\/\/podkarpacka.iarp.pl\/?wpdmpro=2026-v-15-egzamin_wykaz_aktow-prawnych-stan-prawny-28-ii-2026&wpdmdl=8150&refresh=69f0c199e60791777385881\">Pobierz<\/a>\n            <\/div>\n        <\/div>\n    <\/div>\n<\/div>\n\n<\/div>\n<p>&nbsp;<\/p>\n","protected":false},"excerpt":{"rendered":"<p>WYKAZ AKT\u00d3W PRAWNYCH WYMAGANYCH DO EGZAMINU NA UPRAWNIENIA BUDOWLANE &nbsp; WYKAZ AKT\u00d3W PRAWNYCH wymaganych do egzaminu na uprawnienia budowlane w specjalno\u015bci architektonicznej z okre\u015bleniem niezb\u0119dnego zakresu ich znajomo\u015bci obowi\u0105zuj\u0105cych przy przyst\u0119powaniu do egzaminu w obecnej sesji egzaminacyjnej. &nbsp;<\/p>\n","protected":false},"author":7,"featured_media":0,"parent":378,"menu_order":0,"comment_status":"closed","ping_status":"open","template":"","meta":{"footnotes":""},"class_list":["post-435","page","type-page","status-publish","hentry"],"publishpress_future_action":{"enabled":false,"date":"2026-05-05 15:18:01","action":"change-status","newStatus":"draft","terms":[],"taxonomy":"","extraData":[]},"publishpress_future_workflow_manual_trigger":{"enabledWorkflows":[]},"_links":{"self":[{"href":"https:\/\/podkarpacka.iarp.pl\/index.php?rest_route=\/wp\/v2\/pages\/435","targetHints":{"allow":["GET"]}}],"collection":[{"href":"https:\/\/podkarpacka.iarp.pl\/index.php?rest_route=\/wp\/v2\/pages"}],"about":[{"href":"https:\/\/podkarpacka.iarp.pl\/index.php?rest_route=\/wp\/v2\/types\/page"}],"author":[{"embeddable":true,"href":"https:\/\/podkarpacka.iarp.pl\/index.php?rest_route=\/wp\/v2\/users\/7"}],"replies":[{"embeddable":true,"href":"https:\/\/podkarpacka.iarp.pl\/index.php?rest_route=%2Fwp%2Fv2%2Fcomments&post=435"}],"version-history":[{"count":19,"href":"https:\/\/podkarpacka.iarp.pl\/index.php?rest_route=\/wp\/v2\/pages\/435\/revisions"}],"predecessor-version":[{"id":8151,"href":"https:\/\/podkarpacka.iarp.pl\/index.php?rest_route=\/wp\/v2\/pages\/435\/revisions\/8151"}],"up":[{"embeddable":true,"href":"https:\/\/podkarpacka.iarp.pl\/index.php?rest_route=\/wp\/v2\/pages\/378"}],"wp:attachment":[{"href":"https:\/\/podkarpacka.iarp.pl\/index.php?rest_route=%2Fwp%2Fv2%2Fmedia&parent=435"}],"curies":[{"name":"wp","href":"https:\/\/api.w.org\/{rel}","templated":true}]}}

WYKAZ AKTÓW PRAWNYCH

<p style="text-align: justify;"><a href="https://podkarpacka.iarp.pl/wp-content/uploads/2015/02/logo-izba-male.png"><img loading="lazy" decoding="async" class="alignleft size-full wp-image-470" src="https://podkarpacka.iarp.pl/wp-content/uploads/2015/02/logo-izba-male.png" alt="logo izba male" width="140" height="80" /></a></p>
<h2 style="margin: 0px 30px; text-align: left;">WYKAZ AKTÓW PRAWNYCH WYMAGANYCH DO EGZAMINU NA UPRAWNIENIA BUDOWLANE</h2>
<hr style="margin: 10px 0px 25px;" />
<p>&nbsp;</p>
<h4 style="text-align: justify;">WYKAZ AKTÓW PRAWNYCH wymaganych do egzaminu na uprawnienia budowlane w specjalności architektonicznej z określeniem niezbędnego zakresu ich znajomości obowiązujących przy przystępowaniu do egzaminu w obecnej sesji egzaminacyjnej.</h4>
<div class='w3eden'><!-- WPDM Link Template: Default Template -->

<div class="link-template-default card mb-2">
    <div class="card-body">
        <div class="media">
            <div class="mr-3 img-48"><img decoding="async" class="wpdm_icon" alt="Ikonka" src="https://podkarpacka.iarp.pl/wp-content/plugins/download-manager/assets/file-type-icons/pdf.svg" /></div>
            <div class="media-body">
                <h3 class="package-title"><a href='https://podkarpacka.iarp.pl/?wpdmpro=2026-v-15-egzamin_wykaz_aktow-prawnych-stan-prawny-28-ii-2026'>2026 V 15 EGZAMIN_WYKAZ_AKTÓW PRAWNYCH stan prawny 28 II 2026</a></h3>
                <div class="text-muted text-small"><i class="fas fa-copy"></i> 1 plik(i) <i class="fas fa-hdd ml-3"></i> 402.24 KB</div>
            </div>
            <div class="ml-3">
                <a class='wpdm-download-link download-on-click btn btn-primary ' rel='nofollow' href='#' data-downloadurl="https://podkarpacka.iarp.pl/?wpdmpro=2026-v-15-egzamin_wykaz_aktow-prawnych-stan-prawny-28-ii-2026&wpdmdl=8150&refresh=69f0c199e60791777385881">Pobierz</a>
            </div>
        </div>
    </div>
</div>

</div>
<p>&nbsp;</p>

<p>WYKAZ AKTÓW PRAWNYCH WYMAGANYCH DO EGZAMINU NA UPRAWNIENIA BUDOWLANE &nbsp; WYKAZ AKTÓW PRAWNYCH wymaganych do egzaminu na uprawnienia budowlane w specjalności architektonicznej z określeniem niezbędnego zakresu ich znajomości obowiązujących przy przystępowaniu do egzaminu w obecnej sesji egzaminacyjnej. &nbsp;</p>
